{"id":61,"date":"2016-02-22T06:22:51","date_gmt":"2016-02-22T05:22:51","guid":{"rendered":"http:\/\/station75.com\/gm4\/?page_id=61"},"modified":"2025-03-20T11:12:58","modified_gmt":"2025-03-20T10:12:58","slug":"godziny-pracy-szkoly","status":"publish","type":"page","link":"https:\/\/sp8tg.pl\/web\/dla-uczniow\/godziny-pracy-szkoly\/","title":{"rendered":"Godziny pracy szko\u0142y"},"content":{"rendered":"<h6 class=\"widget-title\"><span style=\"text-decoration: underline;\"><em>Sekretariat szko\u0142y czynny jest<\/em> od<strong> poniedzia\u0142ku<\/strong> do <strong>pi\u0105tku<\/strong> od godziny <span style=\"color: #ff0000;\">7:00 <\/span>do<span style=\"color: #ff0000;\"> 15:00<\/span><strong>.<\/strong><\/span><\/h6>\n<p>&nbsp; &nbsp; &nbsp; &nbsp; &nbsp; &nbsp; &nbsp; &nbsp; &nbsp; &nbsp; &nbsp; &nbsp; &nbsp; &nbsp; <img loading=\"lazy\" decoding=\"async\" class=\"alignnone size-medium wp-image-5848\" src=\"http:\/\/gim4.tgory.pl\/web\/wp-content\/uploads\/2016\/05\/IMG_79324884-225x300.jpg\" alt=\"\" width=\"225\" height=\"300\" srcset=\"https:\/\/sp8tg.pl\/web\/wp-content\/uploads\/2016\/05\/IMG_79324884-225x300.jpg 225w, https:\/\/sp8tg.pl\/web\/wp-content\/uploads\/2016\/05\/IMG_79324884-768x1024.jpg 768w, https:\/\/sp8tg.pl\/web\/wp-content\/uploads\/2016\/05\/IMG_79324884-1200x1600.jpg 1200w\" sizes=\"(max-width: 225px) 85vw, 225px\" \/> &nbsp; &nbsp; &nbsp;&nbsp; <img loading=\"lazy\" decoding=\"async\" class=\"alignnone size-medium wp-image-5846\" src=\"http:\/\/gim4.tgory.pl\/web\/wp-content\/uploads\/2016\/05\/IMG_79304882-225x300.jpg\" alt=\"\" width=\"225\" height=\"300\" srcset=\"https:\/\/sp8tg.pl\/web\/wp-content\/uploads\/2016\/05\/IMG_79304882-225x300.jpg 225w, https:\/\/sp8tg.pl\/web\/wp-content\/uploads\/2016\/05\/IMG_79304882-768x1024.jpg 768w, https:\/\/sp8tg.pl\/web\/wp-content\/uploads\/2016\/05\/IMG_79304882-1200x1600.jpg 1200w\" sizes=\"(max-width: 225px) 85vw, 225px\" \/><\/p>\n<hr>\n<h3>&nbsp;&nbsp;&nbsp;&nbsp;&nbsp;&nbsp;&nbsp;&nbsp;&nbsp;&nbsp;&nbsp;&nbsp; \u015awietlica pracuje od poniedzia\u0142ku do pi\u0105tku<\/h3>\n<h3>&nbsp;&nbsp;&nbsp;&nbsp;&nbsp;&nbsp;&nbsp;&nbsp;&nbsp;&nbsp;&nbsp;&nbsp;&nbsp;&nbsp;&nbsp;&nbsp;&nbsp;&nbsp;&nbsp;&nbsp;&nbsp;&nbsp;&nbsp;&nbsp;&nbsp;&nbsp;&nbsp;&nbsp;&nbsp; w godzinach 6.30 &#8211; 16.30<\/h3>\n<p>&nbsp; &nbsp;&nbsp; &nbsp;&nbsp;&nbsp; &nbsp; &nbsp; &nbsp;&nbsp; <img loading=\"lazy\" decoding=\"async\" class=\"alignnone size-medium wp-image-9117\" src=\"http:\/\/gim4.tgory.pl\/web\/wp-content\/uploads\/2018\/10\/2-2-e1538670304171-225x300.jpg\" alt=\"\" width=\"225\" height=\"300\" srcset=\"https:\/\/sp8tg.pl\/web\/wp-content\/uploads\/2018\/10\/2-2-e1538670304171-225x300.jpg 225w, https:\/\/sp8tg.pl\/web\/wp-content\/uploads\/2018\/10\/2-2-e1538670304171-768x1024.jpg 768w, https:\/\/sp8tg.pl\/web\/wp-content\/uploads\/2018\/10\/2-2-e1538670304171-1200x1600.jpg 1200w\" sizes=\"(max-width: 225px) 85vw, 225px\" \/> &nbsp; &nbsp; &nbsp; <img loading=\"lazy\" decoding=\"async\" class=\"alignnone size-medium wp-image-9118\" src=\"http:\/\/gim4.tgory.pl\/web\/wp-content\/uploads\/2018\/10\/4-2-249x300.jpg\" alt=\"\" width=\"249\" height=\"300\" srcset=\"https:\/\/sp8tg.pl\/web\/wp-content\/uploads\/2018\/10\/4-2-249x300.jpg 249w, https:\/\/sp8tg.pl\/web\/wp-content\/uploads\/2018\/10\/4-2-768x924.jpg 768w, https:\/\/sp8tg.pl\/web\/wp-content\/uploads\/2018\/10\/4-2-851x1024.jpg 851w, https:\/\/sp8tg.pl\/web\/wp-content\/uploads\/2018\/10\/4-2-1200x1444.jpg 1200w\" sizes=\"(max-width: 249px) 85vw, 249px\" \/><\/p>\n<hr>\n<h6 class=\"widget-title\">&nbsp;&nbsp;&nbsp; &nbsp; &nbsp; &nbsp; &nbsp; &nbsp; &nbsp; &nbsp; &nbsp; &nbsp; &nbsp; &nbsp; &nbsp; &nbsp; &nbsp; &nbsp; &nbsp;&nbsp; Pedagog szkolny<\/h6>\n<h5><strong>&nbsp; &nbsp; &nbsp; &nbsp; &nbsp; &nbsp; &nbsp; &nbsp; &nbsp; &nbsp; &nbsp; &nbsp; &nbsp; &nbsp; &nbsp; &nbsp; &nbsp; <em>mgr Justyna Ga\u0142\u0119ziok<\/em><\/strong><\/h5>\n<h6><strong>&nbsp;&nbsp;&nbsp;&nbsp;&nbsp;&nbsp;&nbsp;&nbsp;&nbsp;&nbsp;&nbsp;&nbsp;&nbsp;&nbsp;&nbsp;&nbsp;&nbsp;&nbsp;&nbsp;&nbsp;&nbsp;&nbsp;&nbsp;&nbsp; poniedzia\u0142ek<\/strong> &#8211; 8.50 &#8211; 12.25<\/h6>\n<h6><strong>&nbsp;&nbsp;&nbsp;&nbsp;&nbsp;&nbsp;&nbsp;&nbsp;&nbsp;&nbsp;&nbsp;&nbsp;&nbsp;&nbsp;&nbsp;&nbsp;&nbsp;&nbsp;&nbsp;&nbsp;&nbsp;&nbsp;&nbsp; wtorek &nbsp; &nbsp; &nbsp; &nbsp; &nbsp; &nbsp; &#8211; 8.50<\/strong>&#8211; 12.325<strong><br \/>\n<\/strong><\/h6>\n<h6><strong>&nbsp;&nbsp;&nbsp;&nbsp;&nbsp;&nbsp;&nbsp;&nbsp;&nbsp;&nbsp;&nbsp;&nbsp;&nbsp;&nbsp;&nbsp;&nbsp;&nbsp;&nbsp;&nbsp;&nbsp;&nbsp;&nbsp;&nbsp; \u015broda<\/strong> &nbsp;&nbsp;&nbsp;&nbsp;&nbsp;&nbsp;&nbsp;&nbsp;&nbsp;&nbsp;&nbsp;&nbsp;&nbsp;&nbsp; &#8211; 9.50&nbsp; &#8211;&nbsp; 13.25<\/h6>\n<h6><strong>&nbsp;&nbsp;&nbsp;&nbsp;&nbsp;&nbsp;&nbsp;&nbsp;&nbsp;&nbsp;&nbsp;&nbsp;&nbsp;&nbsp;&nbsp;&nbsp;&nbsp;&nbsp; &nbsp; &nbsp;&nbsp; czwartek<\/strong> &nbsp;&nbsp;&nbsp;&nbsp; &nbsp;&nbsp; &#8211; 8.50 &#8211; 14.25<\/h6>\n<h6><strong>&nbsp;&nbsp;&nbsp;&nbsp;&nbsp;&nbsp;&nbsp;&nbsp;&nbsp;&nbsp;&nbsp;&nbsp;&nbsp;&nbsp;&nbsp;&nbsp;&nbsp;&nbsp;&nbsp;&nbsp;&nbsp;&nbsp;&nbsp; pi\u0105tek &nbsp; &nbsp; &nbsp; &nbsp; &nbsp; &nbsp;&nbsp; <\/strong>&#8211;&nbsp; 8.50 &#8211; 12.25<\/h6>\n<p>&nbsp;<\/p>\n<h6 class=\"widget-title\">&nbsp; &nbsp; &nbsp; &nbsp; &nbsp; &nbsp; &nbsp; &nbsp; &nbsp; &nbsp; &nbsp; &nbsp; &nbsp; &nbsp; &nbsp; &nbsp; &nbsp; Pedagog specjalny<\/h6>\n<h5><strong>&nbsp; &nbsp; &nbsp; &nbsp; &nbsp; &nbsp; &nbsp; &nbsp; &nbsp; &nbsp; &nbsp; &nbsp; &nbsp; &nbsp; &nbsp; &nbsp;<em> &nbsp; mgr Katarzyna Feliks<\/em><\/strong><\/h5>\n<h6><strong>&nbsp;&nbsp;&nbsp;&nbsp;&nbsp;&nbsp;&nbsp;&nbsp;&nbsp;&nbsp;&nbsp;&nbsp;&nbsp;&nbsp;&nbsp;&nbsp;&nbsp;&nbsp;&nbsp;&nbsp;&nbsp;&nbsp; poniedzia\u0142ek 10.30 &#8211; 11.30<\/strong><\/h6>\n<h6>&nbsp;&nbsp;&nbsp;&nbsp;&nbsp;&nbsp;&nbsp;&nbsp;&nbsp;&nbsp;&nbsp;&nbsp;&nbsp;&nbsp;&nbsp;&nbsp;&nbsp;&nbsp;&nbsp;&nbsp;&nbsp; wtorek&nbsp;&nbsp;&nbsp;&nbsp;&nbsp;&nbsp;&nbsp;&nbsp;&nbsp;&nbsp;&nbsp;&nbsp; 11.30 &#8211; 12.30<\/h6>\n<h6><strong>&nbsp;&nbsp;&nbsp;&nbsp;&nbsp;&nbsp;&nbsp;&nbsp;&nbsp;&nbsp;&nbsp;&nbsp;&nbsp;&nbsp;&nbsp;&nbsp;&nbsp;&nbsp;&nbsp;&nbsp;&nbsp;&nbsp; \u015broda &nbsp; &nbsp; &nbsp; &nbsp; &nbsp; &nbsp; &nbsp;&nbsp; 10.45<\/strong> &#8211;&nbsp; 11.45<strong><br \/>\n<\/strong><\/h6>\n<h6><strong>&nbsp;&nbsp;&nbsp;&nbsp;&nbsp;&nbsp;&nbsp;&nbsp;&nbsp;&nbsp;&nbsp;&nbsp;&nbsp;&nbsp;&nbsp;&nbsp;&nbsp;&nbsp;&nbsp;&nbsp;&nbsp;&nbsp; czwartek<\/strong> &nbsp;&nbsp;&nbsp;&nbsp;&nbsp;&nbsp;&nbsp;&nbsp;&nbsp; 9.30&nbsp; &#8211;&nbsp; 10.30<\/h6>\n<h6>&nbsp;&nbsp;&nbsp;&nbsp;&nbsp;&nbsp;&nbsp;&nbsp;&nbsp;&nbsp;&nbsp;&nbsp;&nbsp;&nbsp;&nbsp;&nbsp;&nbsp;&nbsp;&nbsp;&nbsp;&nbsp;&nbsp; pi\u0105tek&nbsp;&nbsp;&nbsp;&nbsp;&nbsp;&nbsp;&nbsp;&nbsp;&nbsp;&nbsp;&nbsp;&nbsp;&nbsp; 10.30 &#8211; 11.30<\/h6>\n<h6>&nbsp;&nbsp;&nbsp;&nbsp;&nbsp;&nbsp;&nbsp;&nbsp;&nbsp;&nbsp;&nbsp;&nbsp;&nbsp;&nbsp; oraz dodatkowo indywidualne zaj\u0119cia a uczniami.<strong><br \/>\n<\/strong><\/h6>\n<h6><em><span style=\"text-decoration: underline;\">W razie potrzeby istnieje mo\u017cliwo\u015b\u0107 um\u00f3wienia si\u0119 na rozmow\u0119 w godzinach popo\u0142udniowych po wcze\u015bniejszym ustaleniu terminu.<\/span><br \/>\n<\/em><\/h6>\n<p>&nbsp;<\/p>\n<h6 class=\"widget-title\">&nbsp; &nbsp; &nbsp; &nbsp; &nbsp; &nbsp; &nbsp; &nbsp; &nbsp; &nbsp; &nbsp; &nbsp; &nbsp; &nbsp; &nbsp; &nbsp; &nbsp; &nbsp; &nbsp; Psycholog szkolny<\/h6>\n<h6><strong>&nbsp; &nbsp; &nbsp; &nbsp; &nbsp; &nbsp; &nbsp; &nbsp; &nbsp; &nbsp; &nbsp; &nbsp; &nbsp; &nbsp; &nbsp; &nbsp; &nbsp; <em>mgr Hanna Wosz-Tatara<\/em><br \/>\n<\/strong><\/h6>\n<h6><strong>&nbsp;&nbsp;&nbsp;&nbsp;&nbsp;&nbsp;&nbsp;&nbsp;&nbsp;&nbsp;&nbsp;&nbsp;&nbsp;&nbsp;&nbsp;&nbsp;&nbsp;&nbsp;&nbsp;&nbsp;&nbsp;&nbsp;&nbsp; poniedzia\u0142ek<\/strong> &nbsp; &#8211; 8.00 &#8211; 13.25<\/h6>\n<h6><strong>&nbsp;&nbsp;&nbsp;&nbsp;&nbsp;&nbsp;&nbsp;&nbsp;&nbsp;&nbsp;&nbsp;&nbsp;&nbsp;&nbsp;&nbsp;&nbsp;&nbsp;&nbsp;&nbsp;&nbsp;&nbsp;&nbsp;&nbsp; wtorek &nbsp; &nbsp; &nbsp; &nbsp; &nbsp; &nbsp; &#8211; 8<\/strong>.00 &#8211; 9.50&nbsp;&nbsp;&nbsp;&nbsp;&nbsp; 9.40 &#8211; 13.25<\/h6>\n<h6><strong>&nbsp;&nbsp;&nbsp;&nbsp;&nbsp;&nbsp;&nbsp;&nbsp;&nbsp;&nbsp;&nbsp;&nbsp;&nbsp;&nbsp;&nbsp;&nbsp;&nbsp;&nbsp;&nbsp;&nbsp;&nbsp;&nbsp;&nbsp;&nbsp; \u015broda&nbsp;&nbsp;&nbsp;&nbsp;&nbsp;&nbsp;&nbsp;&nbsp;&nbsp;&nbsp;&nbsp;&nbsp;&nbsp;&nbsp; &#8211; 11.40 &#8211;&nbsp; 14.25<\/strong><\/h6>\n<h6><strong>&nbsp;&nbsp;&nbsp;&nbsp;&nbsp;&nbsp;&nbsp;&nbsp;&nbsp;&nbsp;&nbsp;&nbsp;&nbsp;&nbsp;&nbsp;&nbsp;&nbsp;&nbsp; &nbsp; &nbsp;&nbsp; czwartek<\/strong> &nbsp;&nbsp;&nbsp;&nbsp; &nbsp;&nbsp; &#8211; 12.40 &#8211; 13.25<\/h6>\n<h6><strong>&nbsp;&nbsp;&nbsp;&nbsp;&nbsp;&nbsp;&nbsp;&nbsp;&nbsp;&nbsp;&nbsp;&nbsp;&nbsp;&nbsp;&nbsp;&nbsp;&nbsp;&nbsp;&nbsp;&nbsp;&nbsp;&nbsp;&nbsp; pi\u0105tek &nbsp; &nbsp; &nbsp; &nbsp; &nbsp; &nbsp;&nbsp; <\/strong>&#8211;&nbsp; 7.10 &#8211;&nbsp;&nbsp; 9.35<\/h6>\n<hr>\n<h3>&nbsp;&nbsp;&nbsp;&nbsp;&nbsp;&nbsp;&nbsp;&nbsp;&nbsp;&nbsp;&nbsp;&nbsp;&nbsp;&nbsp;&nbsp;&nbsp;&nbsp;&nbsp;&nbsp;&nbsp;&nbsp;&nbsp;&nbsp;&nbsp;&nbsp;&nbsp;&nbsp;&nbsp;&nbsp;&nbsp;&nbsp;&nbsp;&nbsp;&nbsp; Gabinet higieny szkolnej<\/h3>\n<p><img loading=\"lazy\" decoding=\"async\" class=\"alignnone size-medium wp-image-6470\" src=\"http:\/\/gim4.tgory.pl\/web\/wp-content\/uploads\/2016\/05\/IMG_007317898-e1506088214290-225x300.jpg\" alt=\"\" width=\"225\" height=\"300\" srcset=\"https:\/\/sp8tg.pl\/web\/wp-content\/uploads\/2016\/05\/IMG_007317898-e1506088214290-225x300.jpg 225w, https:\/\/sp8tg.pl\/web\/wp-content\/uploads\/2016\/05\/IMG_007317898-e1506088214290-768x1024.jpg 768w, https:\/\/sp8tg.pl\/web\/wp-content\/uploads\/2016\/05\/IMG_007317898-e1506088214290-1200x1600.jpg 1200w\" sizes=\"(max-width: 225px) 85vw, 225px\" \/> <img loading=\"lazy\" decoding=\"async\" class=\"alignnone size-medium wp-image-6468\" src=\"http:\/\/gim4.tgory.pl\/web\/wp-content\/uploads\/2016\/05\/IMG_007117896-e1506088202411-225x300.jpg\" alt=\"\" width=\"225\" height=\"300\" srcset=\"https:\/\/sp8tg.pl\/web\/wp-content\/uploads\/2016\/05\/IMG_007117896-e1506088202411-225x300.jpg 225w, https:\/\/sp8tg.pl\/web\/wp-content\/uploads\/2016\/05\/IMG_007117896-e1506088202411-768x1024.jpg 768w, https:\/\/sp8tg.pl\/web\/wp-content\/uploads\/2016\/05\/IMG_007117896-e1506088202411-1200x1600.jpg 1200w\" sizes=\"(max-width: 225px) 85vw, 225px\" \/> <img loading=\"lazy\" decoding=\"async\" class=\"alignnone size-medium wp-image-6469\" src=\"http:\/\/gim4.tgory.pl\/web\/wp-content\/uploads\/2016\/05\/IMG_007217897-e1506088188467-225x300.jpg\" alt=\"\" width=\"225\" height=\"300\" srcset=\"https:\/\/sp8tg.pl\/web\/wp-content\/uploads\/2016\/05\/IMG_007217897-e1506088188467-225x300.jpg 225w, https:\/\/sp8tg.pl\/web\/wp-content\/uploads\/2016\/05\/IMG_007217897-e1506088188467-768x1024.jpg 768w, https:\/\/sp8tg.pl\/web\/wp-content\/uploads\/2016\/05\/IMG_007217897-e1506088188467-1200x1600.jpg 1200w\" sizes=\"(max-width: 225px) 85vw, 225px\" \/><\/p>\n<h6>&nbsp;&nbsp;&nbsp;&nbsp;&nbsp;&nbsp;&nbsp;&nbsp;&nbsp;&nbsp;&nbsp;&nbsp;&nbsp;&nbsp;&nbsp;&nbsp;&nbsp;&nbsp;&nbsp;&nbsp;&nbsp;&nbsp;&nbsp;&nbsp;&nbsp;&nbsp;&nbsp;&nbsp;&nbsp;&nbsp;&nbsp;&nbsp;&nbsp;&nbsp; Indywidualna Praktyka Piel\u0119gniarska<\/h6>\n<h6><strong>&nbsp;&nbsp;&nbsp;&nbsp;&nbsp;&nbsp;&nbsp;&nbsp;&nbsp;&nbsp;&nbsp;&nbsp;&nbsp; &nbsp; &nbsp; &nbsp; &nbsp; &nbsp; &nbsp; &nbsp; &nbsp; &nbsp; &nbsp; &nbsp; &nbsp; &nbsp; &nbsp; &nbsp; &nbsp; &nbsp; &nbsp; &nbsp; &nbsp; &nbsp;&nbsp; El\u017cbieta Plesz oraz El\u017cbieta Og\u0142aza<br \/>\n<\/strong><\/h6>\n<ul>\n<li>\n<h6 style=\"text-align: left;\">\u015broda&nbsp; 7:45 &#8211; 10:30<\/h6>\n<\/li>\n<li>\n<h6>wtorek 8:00 &#8211; 12:00<\/h6>\n<\/li>\n<li>\n<h6 style=\"text-align: left;\">pi\u0105tek&nbsp; 7:45 &#8211; 10:30&nbsp;<\/h6>\n<\/li>\n<\/ul>\n<p><strong><em>W razie nieobecno\u015bci piel\u0119gniarki, uczniowie proszeni s\u0105 o zg\u0142oszenie si\u0119 do sekretariatu szko\u0142y.<\/em><\/strong><\/p>\n<hr>\n<h6>&nbsp; &nbsp; &nbsp;&nbsp; <img loading=\"lazy\" decoding=\"async\" class=\"alignnone size-medium wp-image-8741\" src=\"http:\/\/gim4.tgory.pl\/web\/wp-content\/uploads\/2018\/06\/b1-e1530266772452-225x300.jpg\" alt=\"\" width=\"225\" height=\"300\" srcset=\"https:\/\/sp8tg.pl\/web\/wp-content\/uploads\/2018\/06\/b1-e1530266772452-225x300.jpg 225w, https:\/\/sp8tg.pl\/web\/wp-content\/uploads\/2018\/06\/b1-e1530266772452-768x1024.jpg 768w, https:\/\/sp8tg.pl\/web\/wp-content\/uploads\/2018\/06\/b1-e1530266772452-1200x1600.jpg 1200w\" sizes=\"(max-width: 225px) 85vw, 225px\" \/> &nbsp; &nbsp; &nbsp; &nbsp;&nbsp; <img loading=\"lazy\" decoding=\"async\" class=\"alignnone size-medium wp-image-8744\" src=\"http:\/\/gim4.tgory.pl\/web\/wp-content\/uploads\/2018\/06\/b3-e1530266828688-225x300.jpg\" alt=\"\" width=\"225\" height=\"300\" srcset=\"https:\/\/sp8tg.pl\/web\/wp-content\/uploads\/2018\/06\/b3-e1530266828688-225x300.jpg 225w, https:\/\/sp8tg.pl\/web\/wp-content\/uploads\/2018\/06\/b3-e1530266828688-768x1024.jpg 768w, https:\/\/sp8tg.pl\/web\/wp-content\/uploads\/2018\/06\/b3-e1530266828688-1200x1600.jpg 1200w\" sizes=\"(max-width: 225px) 85vw, 225px\" \/>&nbsp;<\/h6>\n<h6>&nbsp; &nbsp; &nbsp; &nbsp; &nbsp; &nbsp; &nbsp; &nbsp; &nbsp; &nbsp; &nbsp; &nbsp; &nbsp; &nbsp; &nbsp; &nbsp; &nbsp; &nbsp; &nbsp; &nbsp; &nbsp;&nbsp; Biblioteka szkolna<\/h6>\n<h6>&nbsp;&nbsp;&nbsp;&nbsp;&nbsp;&nbsp; &nbsp; &nbsp; &nbsp; &nbsp; &nbsp; &nbsp; &nbsp; &nbsp; &nbsp; &nbsp; &nbsp; &nbsp; &nbsp; &nbsp; &nbsp; &nbsp; &nbsp; &nbsp; &nbsp; mgr Jolanta W\u00f3jcik<\/h6>\n<h6><strong>&nbsp; &nbsp; &nbsp; &nbsp; &nbsp; &nbsp; &nbsp; &nbsp; &nbsp; &nbsp; &nbsp;&nbsp;&nbsp; poniedzia\u0142ek&nbsp;&nbsp; <\/strong>&#8211; 7.30 &#8211; 13.30<\/h6>\n<h6><strong>&nbsp;&nbsp;&nbsp;&nbsp;&nbsp;&nbsp;&nbsp;&nbsp;&nbsp;&nbsp;&nbsp;&nbsp;&nbsp;&nbsp;&nbsp;&nbsp;&nbsp;&nbsp;&nbsp;&nbsp;&nbsp;&nbsp;&nbsp; wtorek &nbsp; &nbsp; &nbsp; &nbsp;&nbsp; &nbsp; &nbsp; &#8211; 8.30&nbsp;<\/strong> &#8211; 13.30<strong><br \/>\n<\/strong><\/h6>\n<h6><strong>&nbsp;&nbsp;&nbsp;&nbsp;&nbsp;&nbsp;&nbsp;&nbsp;&nbsp;&nbsp;&nbsp;&nbsp;&nbsp;&nbsp;&nbsp;&nbsp;&nbsp;&nbsp;&nbsp;&nbsp;&nbsp;&nbsp;&nbsp; \u015broda<\/strong> &nbsp;&nbsp;&nbsp;&nbsp;&nbsp;&nbsp;&nbsp;&nbsp;&nbsp;&nbsp;&nbsp;&nbsp;&nbsp;&nbsp; &#8211; 8.00&nbsp; &#8211;&nbsp; 13.00<\/h6>\n<h6><strong>&nbsp;&nbsp;&nbsp;&nbsp;&nbsp;&nbsp;&nbsp;&nbsp;&nbsp;&nbsp;&nbsp;&nbsp;&nbsp;&nbsp;&nbsp;&nbsp;&nbsp;&nbsp; &nbsp; &nbsp;&nbsp; czwartek<\/strong> &nbsp;&nbsp;&nbsp;&nbsp; &nbsp; &nbsp; &#8211; 8.00&nbsp; &#8211; 13.00<\/h6>\n<h6><strong>&nbsp;&nbsp;&nbsp;&nbsp;&nbsp;&nbsp;&nbsp;&nbsp;&nbsp;&nbsp;&nbsp;&nbsp;&nbsp;&nbsp;&nbsp;&nbsp;&nbsp;&nbsp;&nbsp;&nbsp;&nbsp;&nbsp;&nbsp; pi\u0105tek &nbsp; &nbsp; &nbsp; &nbsp; &nbsp; &nbsp; &nbsp; <\/strong>&#8211;&nbsp; 8.00 &#8211; 13.00<\/h6>\n<h6><strong>&nbsp;&nbsp;&nbsp;&nbsp;&nbsp;&nbsp;&nbsp;&nbsp;&nbsp;&nbsp;&nbsp;&nbsp;&nbsp;&nbsp;&nbsp;&nbsp;&nbsp;&nbsp;&nbsp;&nbsp;&nbsp;&nbsp;&nbsp;&nbsp;&nbsp;&nbsp;&nbsp;&nbsp;&nbsp;&nbsp;&nbsp;&nbsp;&nbsp;&nbsp;&nbsp;&nbsp;&nbsp;&nbsp;&nbsp;&nbsp;&nbsp;&nbsp;&nbsp;&nbsp;&nbsp;<br \/>\n<\/strong><\/h6>\n<h6>&nbsp;&nbsp;&nbsp;&nbsp;&nbsp;&nbsp;&nbsp;&nbsp;&nbsp;&nbsp;&nbsp;&nbsp;&nbsp;&nbsp;&nbsp;&nbsp;&nbsp;&nbsp;&nbsp;&nbsp;&nbsp;&nbsp;&nbsp;&nbsp;&nbsp;&nbsp;&nbsp;&nbsp;&nbsp;&nbsp;&nbsp;&nbsp;&nbsp;&nbsp;&nbsp;&nbsp;&nbsp;&nbsp; &nbsp; &nbsp; &nbsp; &nbsp; &nbsp; &nbsp; &nbsp;&nbsp;<\/h6>\n<hr>\n<h3>Godziny rozpocz\u0119cia i zako\u0144czenia zaj\u0119\u0107<\/h3>\n<ul>\n<li>\n<h6><strong>1 lekcja<\/strong>&nbsp;&nbsp;&nbsp;&nbsp;&nbsp;&nbsp;&nbsp; 8:00 &#8211; 8:45<\/h6>\n<\/li>\n<li>\n<h6><strong>2 lekcja &nbsp;<\/strong>&nbsp;&nbsp;&nbsp;&nbsp; 8:50 &#8211; 9:35<\/h6>\n<\/li>\n<li>\n<h6><strong>3 lekcja<\/strong>&nbsp; &nbsp; &nbsp;&nbsp; 9:45 &#8211; 10:30<\/h6>\n<\/li>\n<li>\n<h6><strong>4 lekcja&nbsp;<\/strong> &nbsp;&nbsp;&nbsp; 10:40 &#8211; 11:25&nbsp; &#8211; przerwa obiadowa<\/h6>\n<\/li>\n<li>\n<h6><strong>5 lekcja<\/strong> &nbsp;&nbsp;&nbsp;&nbsp; 11:40 &#8211; 12:25&nbsp; &#8211; przerwa obiadowa<\/h6>\n<\/li>\n<li>\n<h6><strong>6 lekcja<\/strong> &nbsp;&nbsp;&nbsp;&nbsp; 12:40 &#8211; 13:25 &#8211; przerwa obiadowa<\/h6>\n<\/li>\n<li>\n<h6><strong>7 lekcja &nbsp; &nbsp;&nbsp;<\/strong> 13:40 &#8211; 14:25<\/h6>\n<\/li>\n<li>\n<h6><strong>8 lekcja<\/strong> &nbsp;&nbsp;&nbsp;&nbsp; 14:30 &#8211; 15:15<\/h6>\n<\/li>\n<li>\n<h6><strong>9 lekcja&nbsp;&nbsp;&nbsp;&nbsp;&nbsp; <\/strong>15:20 &#8211; 16:05<\/h6>\n<\/li>\n<li>\n<h6><strong>10 lekcja&nbsp;&nbsp;&nbsp; 16.10 &#8211;&nbsp; 16.55<\/strong><\/h6>\n<\/li>\n<\/ul>\n","protected":false},"excerpt":{"rendered":"<p>Sekretariat szko\u0142y czynny jest od poniedzia\u0142ku do pi\u0105tku od godziny 7:00 do 15:00. &nbsp; &nbsp; &nbsp; &nbsp; &nbsp; &nbsp; &nbsp; &nbsp; &nbsp; &nbsp; &nbsp; &nbsp; &nbsp; &nbsp; &nbsp; &nbsp; &nbsp;&nbsp; &nbsp;&nbsp;&nbsp;&nbsp;&nbsp;&nbsp;&nbsp;&nbsp;&nbsp;&nbsp;&nbsp;&nbsp; \u015awietlica pracuje od poniedzia\u0142ku do pi\u0105tku &nbsp;&nbsp;&nbsp;&nbsp;&nbsp;&nbsp;&nbsp;&nbsp;&nbsp;&nbsp;&nbsp;&nbsp;&nbsp;&nbsp;&nbsp;&nbsp;&nbsp;&nbsp;&nbsp;&nbsp;&nbsp;&nbsp;&nbsp;&nbsp;&nbsp;&nbsp;&nbsp;&nbsp;&nbsp; w godzinach 6.30 &#8211; 16.30 &nbsp; &nbsp;&nbsp; &nbsp;&nbsp;&nbsp; &nbsp; &nbsp; &nbsp;&nbsp; &nbsp; &nbsp; &nbsp; &nbsp;&nbsp;&nbsp; &nbsp; &nbsp; &hellip; <a href=\"https:\/\/sp8tg.pl\/web\/dla-uczniow\/godziny-pracy-szkoly\/\" class=\"more-link\">Czytaj dalej<span class=\"screen-reader-text\"> \u201eGodziny pracy szko\u0142y\u201d<\/span><\/a><\/p>\n","protected":false},"author":1,"featured_media":0,"parent":51,"menu_order":0,"comment_status":"closed","ping_status":"closed","template":"","meta":{"ngg_post_thumbnail":0,"footnotes":""},"_links":{"self":[{"href":"https:\/\/sp8tg.pl\/web\/wp-json\/wp\/v2\/pages\/61"}],"collection":[{"href":"https:\/\/sp8tg.pl\/web\/wp-json\/wp\/v2\/pages"}],"about":[{"href":"https:\/\/sp8tg.pl\/web\/wp-json\/wp\/v2\/types\/page"}],"author":[{"embeddable":true,"href":"https:\/\/sp8tg.pl\/web\/wp-json\/wp\/v2\/users\/1"}],"replies":[{"embeddable":true,"href":"https:\/\/sp8tg.pl\/web\/wp-json\/wp\/v2\/comments?post=61"}],"version-history":[{"count":36,"href":"https:\/\/sp8tg.pl\/web\/wp-json\/wp\/v2\/pages\/61\/revisions"}],"predecessor-version":[{"id":18717,"href":"https:\/\/sp8tg.pl\/web\/wp-json\/wp\/v2\/pages\/61\/revisions\/18717"}],"up":[{"embeddable":true,"href":"https:\/\/sp8tg.pl\/web\/wp-json\/wp\/v2\/pages\/51"}],"wp:attachment":[{"href":"https:\/\/sp8tg.pl\/web\/wp-json\/wp\/v2\/media?parent=61"}],"curies":[{"name":"wp","href":"https:\/\/api.w.org\/{rel}","templated":true}]}}