{"id":57,"date":"2016-02-22T06:21:23","date_gmt":"2016-02-22T05:21:23","guid":{"rendered":"http:\/\/station75.com\/gm4\/?page_id=57"},"modified":"2025-09-11T09:23:32","modified_gmt":"2025-09-11T07:23:32","slug":"dni-wolne","status":"publish","type":"page","link":"https:\/\/sp8tg.pl\/web\/dla-uczniow\/dni-wolne\/","title":{"rendered":"Dni wolne"},"content":{"rendered":"\n<p class=\"has-text-align-center\"><strong>AKTUALIZACJA DOKUMENT\u00d3W W PRZYGOTOWANIU \ud83d\ude42<\/strong><\/p>\n\n\n<h3>Dodatkowe dni wolne od zaj\u0119\u0107 dydaktyczno &#8211; wychowawczych w roku szkolnym 2025\/2026:<\/h3>\n<p><strong>\u25ba 13 pa\u017adziernika 2025 r. (poniedzia\u0142ek przed DEN)<\/strong><\/p>\n<p><strong>\u25ba 10 listopada 2025 r. (poniedzia\u0142ek przed Narodowym \u015awi\u0119tem Niepodleg\u0142o\u015bci)<\/strong><\/p>\n<p><strong>\u25ba 2 i 5 stycznia 2026 r. (przed Trzema Kr\u00f3lami)<\/strong><\/p>\n<p><strong>\u25ba 11, 12, 13 maja 2025 (E8 poniedzia\u0142ek, wtorek, \u015broda) <\/strong><\/p>\n<p><strong>\u25ba 5 czerwca 2026 r. (pi\u0105tek po Bo\u017cym Ciele)<\/strong><\/p>\n<p><strong>&nbsp;<\/strong><\/p>\n<p>PODSTAWA PRAWNA:<\/p>\n<ul>\n<li style=\"list-style-type: none;\">\n<ul>\n<li><strong>Ustalenie dodatkowe dni wolnych od zaj\u0119\u0107 dydaktyczno-wychowawczych w \u015bwietle obowi\u0105zuj\u0105cych przepis\u00f3w Prawa o\u015bwiatowego:<\/strong><strong>&nbsp;<\/strong><strong><em>Rozporz\u0105dzenie Ministra Edukacji Narodowej z dnia 11 sierpnia 2017 r. w&nbsp;sprawie organizacji roku szkolnego (Dz. U. poz. 1603).<\/em><\/strong><strong><em>&nbsp;<\/em><\/strong>W nowym rozporz\u0105dzeniu dostosowano zapisy do obowi\u0105zuj\u0105cych od 1 wrze\u015bnia 2017 r. nowych typ\u00f3w szk\u00f3\u0142 i plac\u00f3wek [\u00a7 1], o kt\u00f3rych mowa w przepisach Prawa o\u015bwiatowego.[\u00a7 5 ust. 1] ustalania dodatkowych dni wolnych od zaj\u0119\u0107 dydaktyczno-wychowawczych w szko\u0142ach lub plac\u00f3wkach po zasi\u0119gni\u0119ciu opinii rady szko\u0142y albo rady plac\u00f3wki, a gdy rada szko\u0142y lub plac\u00f3wki nie zosta\u0142a powo\u0142ana \u2013 rady pedagogicznej, z tym, \u017ce w przypadku szk\u00f3\u0142 wymagana jest tak\u017ce opinia rady rodzic\u00f3w i samorz\u0105du uczniowskiego (wymiar dodatkowo wolnych dni jest podany w \u00a7 5 ust. 1 lit. a \u2013 c) i tak dla:<\/li>\n<li>szk\u00f3\u0142 podstawowych \u2013 do 8 dni (w tym trzy dni odliczone na egzaminy zewn\u0119trzne)<\/li>\n<\/ul>\n<\/li>\n<\/ul>","protected":false},"excerpt":{"rendered":"<p>AKTUALIZACJA DOKUMENT\u00d3W W PRZYGOTOWANIU \ud83d\ude42 Dodatkowe dni wolne od zaj\u0119\u0107 dydaktyczno &#8211; wychowawczych w roku szkolnym 2025\/2026: \u25ba 13 pa\u017adziernika 2025 r. (poniedzia\u0142ek przed DEN) \u25ba 10 listopada 2025 r. (poniedzia\u0142ek przed Narodowym \u015awi\u0119tem Niepodleg\u0142o\u015bci) \u25ba 2 i 5 stycznia 2026 r. (przed Trzema Kr\u00f3lami) \u25ba 11, 12, 13 maja 2025 (E8 poniedzia\u0142ek, wtorek, \u015broda) &hellip; <a href=\"https:\/\/sp8tg.pl\/web\/dla-uczniow\/dni-wolne\/\" class=\"more-link\">Czytaj dalej<span class=\"screen-reader-text\"> \u201eDni wolne\u201d<\/span><\/a><\/p>\n","protected":false},"author":1,"featured_media":0,"parent":51,"menu_order":0,"comment_status":"closed","ping_status":"closed","template":"","meta":{"ngg_post_thumbnail":0,"footnotes":""},"_links":{"self":[{"href":"https:\/\/sp8tg.pl\/web\/wp-json\/wp\/v2\/pages\/57"}],"collection":[{"href":"https:\/\/sp8tg.pl\/web\/wp-json\/wp\/v2\/pages"}],"about":[{"href":"https:\/\/sp8tg.pl\/web\/wp-json\/wp\/v2\/types\/page"}],"author":[{"embeddable":true,"href":"https:\/\/sp8tg.pl\/web\/wp-json\/wp\/v2\/users\/1"}],"replies":[{"embeddable":true,"href":"https:\/\/sp8tg.pl\/web\/wp-json\/wp\/v2\/comments?post=57"}],"version-history":[{"count":28,"href":"https:\/\/sp8tg.pl\/web\/wp-json\/wp\/v2\/pages\/57\/revisions"}],"predecessor-version":[{"id":19415,"href":"https:\/\/sp8tg.pl\/web\/wp-json\/wp\/v2\/pages\/57\/revisions\/19415"}],"up":[{"embeddable":true,"href":"https:\/\/sp8tg.pl\/web\/wp-json\/wp\/v2\/pages\/51"}],"wp:attachment":[{"href":"https:\/\/sp8tg.pl\/web\/wp-json\/wp\/v2\/media?parent=57"}],"curies":[{"name":"wp","href":"https:\/\/api.w.org\/{rel}","templated":true}]}}