{"id":47,"date":"2016-02-22T06:17:12","date_gmt":"2016-02-22T05:17:12","guid":{"rendered":"http:\/\/station75.com\/gm4\/?page_id=47"},"modified":"2025-09-24T06:55:52","modified_gmt":"2025-09-24T04:55:52","slug":"rada-rodzicow","status":"publish","type":"page","link":"https:\/\/sp8tg.pl\/web\/dla-rodzicow\/rada-rodzicow\/","title":{"rendered":"Rada Rodzic\u00f3w"},"content":{"rendered":"<h5 style=\"text-align: center;\">&nbsp;<\/h5>\n<h2 style=\"text-align: center;\"><span style=\"text-decoration: underline;\"><strong>Rada Rodzic\u00f3w przy Szkole Podstawowej nr 8 im. Pu\u0142ku 3. U\u0142an\u00f3w \u015al\u0105skich w Tarnowskich G\u00f3rach<\/strong><\/span><\/h2>\n<p><img loading=\"lazy\" decoding=\"async\" class=\"alignleft\" src=\"https:\/\/sp8tg.pl\/web\/wp-content\/uploads\/2018\/05\/rada-Rodzic\u00f3w-obrazek.png\" alt=\"Obrazek posiada pusty atrybut alt; plik o nazwie rada-Rodzic\u00f3w-obrazek.png\" width=\"346\" height=\"173\"><\/p>\n<p>&nbsp;<\/p>\n<p><img loading=\"lazy\" decoding=\"async\" class=\"\" src=\"https:\/\/sp8tg.pl\/web\/wp-content\/uploads\/2021\/06\/obraz.png\" alt=\"Obrazek posiada pusty atrybut alt; plik o nazwie obraz.png\" width=\"200\" height=\"84\"><\/p>\n<h2>&nbsp;<\/h2>\n<p><strong>&nbsp;<\/strong><\/p>\n<h4 style=\"text-align: center;\"><strong>Rada Rodzic\u00f3w przy SP nr 8 w Tarnowskich G\u00f3rach pragnie powita\u0107 Wszystkich Uczni\u00f3w i Rodzic\u00f3w Naszej Szko\u0142y, a tak\u017ce prosi\u0107 o wsparcie i zaanga\u017cowanie wobec planowanych przez Rad\u0119 dzia\u0142a\u0144 na rok szkolny 2025\/20<\/strong>26:<\/h4>\n<p><strong>Prezydium Rady Rodzic\u00f3w:<br \/>\n<\/strong><\/p>\n<p><strong>Przewodnicz\u0105cy&nbsp;&nbsp;&nbsp;&nbsp;&nbsp;&nbsp;&nbsp;&nbsp; <\/strong>&nbsp;&nbsp;&nbsp;&nbsp;&nbsp;&nbsp;&nbsp; \u2013&nbsp; Katarzyna Chmiel<\/p>\n<p><strong>Z-ca Przewodnicz\u0105cego<\/strong> &nbsp; \u2013&nbsp; Zenona Froniewska<\/p>\n<p><strong>Sekretarz&nbsp;&nbsp;&nbsp;&nbsp;&nbsp;&nbsp;&nbsp;&nbsp;&nbsp;&nbsp;&nbsp;&nbsp;&nbsp;&nbsp;&nbsp;&nbsp;&nbsp;&nbsp;&nbsp; <\/strong>&nbsp;&nbsp;&nbsp;&nbsp;&nbsp;&nbsp;&nbsp;&nbsp;&nbsp; \u2013 Jolanta Dermont<\/p>\n<p><strong>Skarbnik<\/strong> &nbsp;&nbsp;&nbsp;&nbsp;&nbsp;&nbsp;&nbsp;&nbsp;&nbsp;&nbsp;&nbsp;&nbsp;&nbsp;&nbsp;&nbsp;&nbsp;&nbsp;&nbsp;&nbsp;&nbsp; &nbsp;&nbsp;&nbsp;&nbsp;&nbsp;&nbsp;&nbsp;&nbsp; \u2013&nbsp; Ma\u0142gorzata Skibi\u0144ska<\/p>\n<p><strong>Cz\u0142onek Zarz\u0105du&nbsp;&nbsp;&nbsp;&nbsp;&nbsp;&nbsp;&nbsp;&nbsp; <\/strong>&nbsp;&nbsp;&nbsp;&nbsp;&nbsp;&nbsp; \u2013&nbsp; Katarzyna Misiek-Harceli\u0144ska<\/p>\n<p>&nbsp;<\/p>\n<p><strong>Komisja Rewizyjna:<\/strong><\/p>\n<ol>\n<li>Monika Czajkowska<\/li>\n<li>Karina Rzemyk- Orze\u0142ek<\/li>\n<\/ol>\n<p><strong>&nbsp; &nbsp; <\/strong>&nbsp;&nbsp;&nbsp;&nbsp;<\/p>\n<h3>mail Rady Rodzic\u00f3w:&nbsp;&nbsp;<span style=\"color: #0000ff;\"> rodzice.radasp8@gmail.com<\/span><\/h3>\n<p>&nbsp;<\/p>\n<p>&nbsp;<\/p>\n<p><img loading=\"lazy\" decoding=\"async\" class=\"alignnone size-medium wp-image-8083 aligncenter\" src=\"http:\/\/gim4.tgory.pl\/web\/wp-content\/uploads\/2018\/05\/numer-konta-bankowego-300x124.gif\" alt=\"\" width=\"300\" height=\"124\" srcset=\"https:\/\/sp8tg.pl\/web\/wp-content\/uploads\/2018\/05\/numer-konta-bankowego-300x124.gif 300w, https:\/\/sp8tg.pl\/web\/wp-content\/uploads\/2018\/05\/numer-konta-bankowego-768x316.gif 768w\" sizes=\"(max-width: 300px) 85vw, 300px\" \/><\/p>\n<p>&nbsp;<\/p>\n<h3 dir=\"auto\" style=\"text-align: center;\">&nbsp;Numer konta bankowego Rady Rodzic\u00f3w<\/h3>\n<h3 dir=\"auto\" style=\"text-align: center;\">25 1020 2368 0000 2602 0597 2882<\/h3>\n<p>&nbsp;<\/p>\n<p>&nbsp;<\/p>\n<p>&nbsp;<\/p>\n<p><strong>&nbsp;<\/strong> &nbsp;&nbsp;&nbsp;&nbsp;&nbsp;&nbsp;&nbsp;&nbsp;&nbsp;<\/p>\n<p style=\"text-align: center;\">&nbsp;&nbsp;&nbsp;&nbsp;&nbsp;&nbsp;&nbsp;&nbsp;<\/p>\n<div dir=\"auto\">&nbsp;<\/div>\n<h3>&nbsp;&nbsp;&nbsp;&nbsp;&nbsp;&nbsp;&nbsp;&nbsp;&nbsp;&nbsp;&nbsp;&nbsp;&nbsp;&nbsp;&nbsp;&nbsp;&nbsp;&nbsp;&nbsp;&nbsp;&nbsp;&nbsp;&nbsp;&nbsp;&nbsp;&nbsp;&nbsp;&nbsp;&nbsp;&nbsp;&nbsp;&nbsp;&nbsp;&nbsp;&nbsp;&nbsp;&nbsp;&nbsp;&nbsp;&nbsp;&nbsp;&nbsp;&nbsp;&nbsp;&nbsp;&nbsp;&nbsp;&nbsp;&nbsp;&nbsp;&nbsp;&nbsp;&nbsp;&nbsp;&nbsp;&nbsp;&nbsp;&nbsp;&nbsp;<\/h3>\n","protected":false},"excerpt":{"rendered":"<p>&nbsp; Rada Rodzic\u00f3w przy Szkole Podstawowej nr 8 im. Pu\u0142ku 3. U\u0142an\u00f3w \u015al\u0105skich w Tarnowskich G\u00f3rach &nbsp; &nbsp; &nbsp; Rada Rodzic\u00f3w przy SP nr 8 w Tarnowskich G\u00f3rach pragnie powita\u0107 Wszystkich Uczni\u00f3w i Rodzic\u00f3w Naszej Szko\u0142y, a tak\u017ce prosi\u0107 o wsparcie i zaanga\u017cowanie wobec planowanych przez Rad\u0119 dzia\u0142a\u0144 na rok szkolny 2025\/2026: Prezydium Rady Rodzic\u00f3w: &hellip; <a href=\"https:\/\/sp8tg.pl\/web\/dla-rodzicow\/rada-rodzicow\/\" class=\"more-link\">Czytaj dalej<span class=\"screen-reader-text\"> \u201eRada Rodzic\u00f3w\u201d<\/span><\/a><\/p>\n","protected":false},"author":1,"featured_media":0,"parent":3617,"menu_order":0,"comment_status":"closed","ping_status":"closed","template":"","meta":{"ngg_post_thumbnail":0,"footnotes":""},"_links":{"self":[{"href":"https:\/\/sp8tg.pl\/web\/wp-json\/wp\/v2\/pages\/47"}],"collection":[{"href":"https:\/\/sp8tg.pl\/web\/wp-json\/wp\/v2\/pages"}],"about":[{"href":"https:\/\/sp8tg.pl\/web\/wp-json\/wp\/v2\/types\/page"}],"author":[{"embeddable":true,"href":"https:\/\/sp8tg.pl\/web\/wp-json\/wp\/v2\/users\/1"}],"replies":[{"embeddable":true,"href":"https:\/\/sp8tg.pl\/web\/wp-json\/wp\/v2\/comments?post=47"}],"version-history":[{"count":61,"href":"https:\/\/sp8tg.pl\/web\/wp-json\/wp\/v2\/pages\/47\/revisions"}],"predecessor-version":[{"id":19431,"href":"https:\/\/sp8tg.pl\/web\/wp-json\/wp\/v2\/pages\/47\/revisions\/19431"}],"up":[{"embeddable":true,"href":"https:\/\/sp8tg.pl\/web\/wp-json\/wp\/v2\/pages\/3617"}],"wp:attachment":[{"href":"https:\/\/sp8tg.pl\/web\/wp-json\/wp\/v2\/media?parent=47"}],"curies":[{"name":"wp","href":"https:\/\/api.w.org\/{rel}","templated":true}]}}