{"id":3658,"date":"2016-05-23T13:02:29","date_gmt":"2016-05-23T11:02:29","guid":{"rendered":"http:\/\/gim4.tgory.pl\/web\/?page_id=3658"},"modified":"2023-09-29T16:09:38","modified_gmt":"2023-09-29T14:09:38","slug":"pielegniarka-szkolna","status":"publish","type":"page","link":"https:\/\/sp8tg.pl\/web\/dla-uczniow\/pielegniarka-szkolna\/","title":{"rendered":"Piel\u0119gniarka szkolna"},"content":{"rendered":"<h3>&nbsp;&nbsp;&nbsp;&nbsp;&nbsp;&nbsp;&nbsp;&nbsp;&nbsp;&nbsp;&nbsp; Gabinet higieny szkolnej<\/h3>\n<p><img loading=\"lazy\" decoding=\"async\" class=\"alignnone size-medium wp-image-6470\" src=\"http:\/\/gim4.tgory.pl\/web\/wp-content\/uploads\/2016\/05\/IMG_007317898-e1506088214290-225x300.jpg\" alt=\"\" width=\"225\" height=\"300\" srcset=\"https:\/\/sp8tg.pl\/web\/wp-content\/uploads\/2016\/05\/IMG_007317898-e1506088214290-225x300.jpg 225w, https:\/\/sp8tg.pl\/web\/wp-content\/uploads\/2016\/05\/IMG_007317898-e1506088214290-768x1024.jpg 768w, https:\/\/sp8tg.pl\/web\/wp-content\/uploads\/2016\/05\/IMG_007317898-e1506088214290-1200x1600.jpg 1200w\" sizes=\"(max-width: 225px) 85vw, 225px\" \/> &nbsp; &nbsp; <img loading=\"lazy\" decoding=\"async\" class=\"alignnone size-medium wp-image-6471\" src=\"http:\/\/gim4.tgory.pl\/web\/wp-content\/uploads\/2016\/05\/IMG_007617901-e1506088228742-225x300.jpg\" alt=\"\" width=\"225\" height=\"300\" srcset=\"https:\/\/sp8tg.pl\/web\/wp-content\/uploads\/2016\/05\/IMG_007617901-e1506088228742-225x300.jpg 225w, https:\/\/sp8tg.pl\/web\/wp-content\/uploads\/2016\/05\/IMG_007617901-e1506088228742-768x1024.jpg 768w, https:\/\/sp8tg.pl\/web\/wp-content\/uploads\/2016\/05\/IMG_007617901-e1506088228742-1200x1600.jpg 1200w\" sizes=\"(max-width: 225px) 85vw, 225px\" \/><\/p>\n<p><img loading=\"lazy\" decoding=\"async\" class=\"alignnone size-medium wp-image-6468\" src=\"http:\/\/gim4.tgory.pl\/web\/wp-content\/uploads\/2016\/05\/IMG_007117896-e1506088202411-225x300.jpg\" alt=\"\" width=\"225\" height=\"300\" srcset=\"https:\/\/sp8tg.pl\/web\/wp-content\/uploads\/2016\/05\/IMG_007117896-e1506088202411-225x300.jpg 225w, https:\/\/sp8tg.pl\/web\/wp-content\/uploads\/2016\/05\/IMG_007117896-e1506088202411-768x1024.jpg 768w, https:\/\/sp8tg.pl\/web\/wp-content\/uploads\/2016\/05\/IMG_007117896-e1506088202411-1200x1600.jpg 1200w\" sizes=\"(max-width: 225px) 85vw, 225px\" \/> &nbsp; &nbsp; <img loading=\"lazy\" decoding=\"async\" class=\"alignnone size-medium wp-image-6469\" src=\"http:\/\/gim4.tgory.pl\/web\/wp-content\/uploads\/2016\/05\/IMG_007217897-e1506088188467-225x300.jpg\" alt=\"\" width=\"225\" height=\"300\" srcset=\"https:\/\/sp8tg.pl\/web\/wp-content\/uploads\/2016\/05\/IMG_007217897-e1506088188467-225x300.jpg 225w, https:\/\/sp8tg.pl\/web\/wp-content\/uploads\/2016\/05\/IMG_007217897-e1506088188467-768x1024.jpg 768w, https:\/\/sp8tg.pl\/web\/wp-content\/uploads\/2016\/05\/IMG_007217897-e1506088188467-1200x1600.jpg 1200w\" sizes=\"(max-width: 225px) 85vw, 225px\" \/><\/p>\n<h3>&nbsp;&nbsp;&nbsp;&nbsp;&nbsp;&nbsp;&nbsp; &nbsp;&nbsp; &nbsp;&nbsp;&nbsp; Gabinet Profilaktyczny<\/h3>\n<h3>&nbsp;&nbsp;&nbsp;&nbsp;&nbsp;&nbsp;&nbsp; &nbsp; &nbsp; &nbsp; &nbsp; &nbsp; &nbsp; &nbsp; &nbsp;&nbsp; &nbsp;&nbsp; Czynny:<\/h3>\n<h2>&nbsp;&nbsp;&nbsp;&nbsp;&nbsp;&nbsp;&nbsp;&nbsp;&nbsp;&nbsp; \u015aRODA&nbsp;&nbsp;&nbsp;&nbsp; &#8211; 7.30 &#8211; 10.30<\/h2>\n<h2>&nbsp;&nbsp;&nbsp;&nbsp;&nbsp;&nbsp;&nbsp;&nbsp;&nbsp;&nbsp; WTOREK&nbsp;&nbsp; &#8211; 8.00 &#8211; 12.00<\/h2>\n<h2>&nbsp;&nbsp;&nbsp;&nbsp;&nbsp;&nbsp;&nbsp;&nbsp; &nbsp; PI\u0104TEK &nbsp; &nbsp; &#8211; 7.30 &#8211; 10.30<\/h2>\n<h6><strong>&nbsp;&nbsp;&nbsp;&nbsp;&nbsp;&nbsp;&nbsp;&nbsp;&nbsp;&nbsp;&nbsp;&nbsp;&nbsp; Gabinet ma podpisan\u0105 umow\u0119 z NFZ.&nbsp;<\/strong><strong> \u015awiadczenia z zakresu higieny szkolnej wykonuje<\/strong><strong> piel\u0119gniarka w \u015brodowisku nauczania i wychowania<br><\/strong><\/h6>\n<h3><strong>&nbsp;&nbsp;&nbsp;&nbsp;&nbsp;&nbsp;&nbsp;&nbsp;&nbsp;&nbsp;&nbsp;&nbsp;&nbsp;&nbsp; &nbsp; &nbsp; &nbsp; &nbsp; &nbsp; &nbsp;&nbsp; &nbsp; Panie &nbsp; &nbsp; <\/strong><\/h3>\n<h3><strong>&nbsp;&nbsp;&nbsp;&nbsp;&nbsp;&nbsp;&nbsp;&nbsp;&nbsp;&nbsp;&nbsp; El\u017cbieta Plesz oraz El\u017cbieta Og\u0142aza<br><\/strong><\/h3>\n<p>&nbsp;<\/p>\n<p><span style=\"text-decoration: underline;\"><strong><em>W razie nieobecno\u015bci piel\u0119gniarki, uczniowie proszeni s\u0105 o zg\u0142oszenie si\u0119 w sekretariacie szko\u0142y.<\/em><\/strong><\/span><\/p>\n\n\n<div class=\"wp-block-file\"><a id=\"wp-block-file--media-76476423-6412-4645-9e5a-b87f8466e4b2\" href=\"https:\/\/sp8tg.pl\/web\/wp-content\/uploads\/2020\/09\/Procedura-korzystania-z-gabinetu-profilaktyki-zdrowotnej-oraz-ustalenia-godzin-jego-pracy.pdf\">Procedura-korzystania-z-gabinetu-profilaktyki-zdrowotnej-oraz-ustalenia-godzin-jego-pracy<\/a><a href=\"https:\/\/sp8tg.pl\/web\/wp-content\/uploads\/2020\/09\/Procedura-korzystania-z-gabinetu-profilaktyki-zdrowotnej-oraz-ustalenia-godzin-jego-pracy.pdf\" class=\"wp-block-file__button\" download aria-describedby=\"wp-block-file--media-76476423-6412-4645-9e5a-b87f8466e4b2\">Pobierz<\/a><\/div>\n\n\n\n<figure class=\"wp-block-image\"><img loading=\"lazy\" decoding=\"async\" width=\"718\" height=\"1024\" src=\"http:\/\/gim4.tgory.pl\/web\/wp-content\/uploads\/2019\/02\/p2-718x1024.jpg\" alt=\"\" class=\"wp-image-10540\" srcset=\"https:\/\/sp8tg.pl\/web\/wp-content\/uploads\/2019\/02\/p2-718x1024.jpg 718w, https:\/\/sp8tg.pl\/web\/wp-content\/uploads\/2019\/02\/p2-210x300.jpg 210w, https:\/\/sp8tg.pl\/web\/wp-content\/uploads\/2019\/02\/p2-768x1095.jpg 768w, https:\/\/sp8tg.pl\/web\/wp-content\/uploads\/2019\/02\/p2-1200x1711.jpg 1200w, https:\/\/sp8tg.pl\/web\/wp-content\/uploads\/2019\/02\/p2.jpg 1436w\" sizes=\"(max-width: 718px) 85vw, 718px\" \/><\/figure>\n\n\n\n<figure class=\"wp-block-image\"><img loading=\"lazy\" decoding=\"async\" width=\"729\" height=\"1024\" src=\"http:\/\/gim4.tgory.pl\/web\/wp-content\/uploads\/2019\/02\/p6-1-729x1024.jpg\" alt=\"\" class=\"wp-image-10544\" srcset=\"https:\/\/sp8tg.pl\/web\/wp-content\/uploads\/2019\/02\/p6-1-729x1024.jpg 729w, https:\/\/sp8tg.pl\/web\/wp-content\/uploads\/2019\/02\/p6-1-214x300.jpg 214w, https:\/\/sp8tg.pl\/web\/wp-content\/uploads\/2019\/02\/p6-1-768x1078.jpg 768w, https:\/\/sp8tg.pl\/web\/wp-content\/uploads\/2019\/02\/p6-1.jpg 792w\" sizes=\"(max-width: 729px) 85vw, 729px\" \/><\/figure>\n\n\n\n<figure class=\"wp-block-image\"><img loading=\"lazy\" decoding=\"async\" width=\"605\" height=\"836\" src=\"http:\/\/gim4.tgory.pl\/web\/wp-content\/uploads\/2019\/02\/obraz-2.png\" alt=\"\" class=\"wp-image-10545\" srcset=\"https:\/\/sp8tg.pl\/web\/wp-content\/uploads\/2019\/02\/obraz-2.png 605w, https:\/\/sp8tg.pl\/web\/wp-content\/uploads\/2019\/02\/obraz-2-217x300.png 217w\" sizes=\"(max-width: 605px) 85vw, 605px\" \/><\/figure>\n\n\n\n<figure class=\"wp-block-image\"><img loading=\"lazy\" decoding=\"async\" width=\"745\" height=\"1024\" src=\"http:\/\/gim4.tgory.pl\/web\/wp-content\/uploads\/2019\/02\/obraz-3-745x1024.png\" alt=\"\" class=\"wp-image-10546\" srcset=\"https:\/\/sp8tg.pl\/web\/wp-content\/uploads\/2019\/02\/obraz-3-745x1024.png 745w, https:\/\/sp8tg.pl\/web\/wp-content\/uploads\/2019\/02\/obraz-3-218x300.png 218w, https:\/\/sp8tg.pl\/web\/wp-content\/uploads\/2019\/02\/obraz-3-768x1055.png 768w, https:\/\/sp8tg.pl\/web\/wp-content\/uploads\/2019\/02\/obraz-3-1200x1649.png 1200w\" sizes=\"(max-width: 745px) 85vw, 745px\" \/><\/figure>\n\n\n\n<figure class=\"wp-block-image\"><img loading=\"lazy\" decoding=\"async\" width=\"605\" height=\"867\" src=\"http:\/\/gim4.tgory.pl\/web\/wp-content\/uploads\/2019\/02\/obraz-4.png\" alt=\"\" class=\"wp-image-10547\" srcset=\"https:\/\/sp8tg.pl\/web\/wp-content\/uploads\/2019\/02\/obraz-4.png 605w, https:\/\/sp8tg.pl\/web\/wp-content\/uploads\/2019\/02\/obraz-4-209x300.png 209w\" sizes=\"(max-width: 605px) 85vw, 605px\" \/><\/figure>\n\n\n\n<figure class=\"wp-block-image\"><img loading=\"lazy\" decoding=\"async\" width=\"605\" height=\"858\" src=\"http:\/\/gim4.tgory.pl\/web\/wp-content\/uploads\/2019\/02\/obraz-5.png\" alt=\"\" class=\"wp-image-10548\" srcset=\"https:\/\/sp8tg.pl\/web\/wp-content\/uploads\/2019\/02\/obraz-5.png 605w, https:\/\/sp8tg.pl\/web\/wp-content\/uploads\/2019\/02\/obraz-5-212x300.png 212w\" sizes=\"(max-width: 605px) 85vw, 605px\" \/><\/figure>\n\n\n\n<figure class=\"wp-block-image\"><img loading=\"lazy\" decoding=\"async\" width=\"549\" height=\"1024\" src=\"http:\/\/gim4.tgory.pl\/web\/wp-content\/uploads\/2019\/03\/p3-549x1024.jpg\" alt=\"\" class=\"wp-image-10701\" srcset=\"https:\/\/sp8tg.pl\/web\/wp-content\/uploads\/2019\/03\/p3-549x1024.jpg 549w, https:\/\/sp8tg.pl\/web\/wp-content\/uploads\/2019\/03\/p3-161x300.jpg 161w, https:\/\/sp8tg.pl\/web\/wp-content\/uploads\/2019\/03\/p3.jpg 720w\" sizes=\"(max-width: 549px) 85vw, 549px\" \/><\/figure>\n\n\n\n<div class=\"wp-block-image\"><figure class=\"alignleft\"><img loading=\"lazy\" decoding=\"async\" width=\"308\" height=\"544\" src=\"http:\/\/gim4.tgory.pl\/web\/wp-content\/uploads\/2019\/03\/p1.jpg\" alt=\"\" class=\"wp-image-10702\" srcset=\"https:\/\/sp8tg.pl\/web\/wp-content\/uploads\/2019\/03\/p1.jpg 308w, https:\/\/sp8tg.pl\/web\/wp-content\/uploads\/2019\/03\/p1-170x300.jpg 170w\" sizes=\"(max-width: 308px) 85vw, 308px\" \/><\/figure><\/div>\n\n\n\n<div class=\"wp-block-image\"><figure class=\"aligncenter\"><img loading=\"lazy\" decoding=\"async\" width=\"600\" height=\"956\" src=\"http:\/\/gim4.tgory.pl\/web\/wp-content\/uploads\/2019\/06\/pp.jpg\" alt=\"\" class=\"wp-image-11079\" srcset=\"https:\/\/sp8tg.pl\/web\/wp-content\/uploads\/2019\/06\/pp.jpg 600w, https:\/\/sp8tg.pl\/web\/wp-content\/uploads\/2019\/06\/pp-188x300.jpg 188w\" sizes=\"(max-width: 600px) 85vw, 600px\" \/><\/figure><\/div>\n\n\n\n<figure class=\"wp-block-image\"><img loading=\"lazy\" decoding=\"async\" width=\"563\" height=\"1024\" src=\"http:\/\/gim4.tgory.pl\/web\/wp-content\/uploads\/2019\/03\/p2-563x1024.jpg\" alt=\"\" class=\"wp-image-10703\" srcset=\"https:\/\/sp8tg.pl\/web\/wp-content\/uploads\/2019\/03\/p2-563x1024.jpg 563w, https:\/\/sp8tg.pl\/web\/wp-content\/uploads\/2019\/03\/p2-165x300.jpg 165w, https:\/\/sp8tg.pl\/web\/wp-content\/uploads\/2019\/03\/p2.jpg 564w\" sizes=\"(max-width: 563px) 85vw, 563px\" \/><\/figure>\n\n\n\n<figure class=\"wp-block-image\"><img loading=\"lazy\" decoding=\"async\" width=\"678\" height=\"1024\" src=\"http:\/\/gim4.tgory.pl\/web\/wp-content\/uploads\/2019\/06\/b1-678x1024.jpg\" alt=\"\" class=\"wp-image-11080\" srcset=\"https:\/\/sp8tg.pl\/web\/wp-content\/uploads\/2019\/06\/b1-678x1024.jpg 678w, https:\/\/sp8tg.pl\/web\/wp-content\/uploads\/2019\/06\/b1-198x300.jpg 198w, https:\/\/sp8tg.pl\/web\/wp-content\/uploads\/2019\/06\/b1-768x1161.jpg 768w, https:\/\/sp8tg.pl\/web\/wp-content\/uploads\/2019\/06\/b1.jpg 1185w\" sizes=\"(max-width: 678px) 85vw, 678px\" \/><\/figure>\n\n\n\n<div class=\"wp-block-image\"><figure class=\"aligncenter\"><img loading=\"lazy\" decoding=\"async\" width=\"1024\" height=\"1024\" src=\"http:\/\/gim4.tgory.pl\/web\/wp-content\/uploads\/2019\/06\/RCB_BEZP_UPALY_1-PNG-MEN-1024x1024.png\" alt=\"\" class=\"wp-image-11069\" srcset=\"https:\/\/sp8tg.pl\/web\/wp-content\/uploads\/2019\/06\/RCB_BEZP_UPALY_1-PNG-MEN-1024x1024.png 1024w, https:\/\/sp8tg.pl\/web\/wp-content\/uploads\/2019\/06\/RCB_BEZP_UPALY_1-PNG-MEN-150x150.png 150w, https:\/\/sp8tg.pl\/web\/wp-content\/uploads\/2019\/06\/RCB_BEZP_UPALY_1-PNG-MEN-300x300.png 300w, https:\/\/sp8tg.pl\/web\/wp-content\/uploads\/2019\/06\/RCB_BEZP_UPALY_1-PNG-MEN-768x768.png 768w, https:\/\/sp8tg.pl\/web\/wp-content\/uploads\/2019\/06\/RCB_BEZP_UPALY_1-PNG-MEN-1200x1200.png 1200w, https:\/\/sp8tg.pl\/web\/wp-content\/uploads\/2019\/06\/RCB_BEZP_UPALY_1-PNG-MEN.png 1600w\" sizes=\"(max-width: 709px) 85vw, (max-width: 909px) 67vw, (max-width: 1362px) 62vw, 840px\" \/><\/figure><\/div>\n\n\n\n<figure class=\"wp-block-image\"><img loading=\"lazy\" decoding=\"async\" width=\"960\" height=\"723\" src=\"http:\/\/gim4.tgory.pl\/web\/wp-content\/uploads\/2019\/06\/w1.jpg\" alt=\"\" class=\"wp-image-11081\" srcset=\"https:\/\/sp8tg.pl\/web\/wp-content\/uploads\/2019\/06\/w1.jpg 960w, https:\/\/sp8tg.pl\/web\/wp-content\/uploads\/2019\/06\/w1-300x226.jpg 300w, https:\/\/sp8tg.pl\/web\/wp-content\/uploads\/2019\/06\/w1-768x578.jpg 768w\" sizes=\"(max-width: 709px) 85vw, (max-width: 909px) 67vw, (max-width: 1362px) 62vw, 840px\" \/><\/figure>\n\n\n\n<div class=\"wp-block-image\"><figure class=\"aligncenter\"><img loading=\"lazy\" decoding=\"async\" width=\"1024\" height=\"772\" src=\"http:\/\/gim4.tgory.pl\/web\/wp-content\/uploads\/2019\/06\/o-1024x772.jpg\" alt=\"\" class=\"wp-image-11082\" srcset=\"https:\/\/sp8tg.pl\/web\/wp-content\/uploads\/2019\/06\/o-1024x772.jpg 1024w, https:\/\/sp8tg.pl\/web\/wp-content\/uploads\/2019\/06\/o-300x226.jpg 300w, https:\/\/sp8tg.pl\/web\/wp-content\/uploads\/2019\/06\/o-768x579.jpg 768w, https:\/\/sp8tg.pl\/web\/wp-content\/uploads\/2019\/06\/o.jpg 1200w\" sizes=\"(max-width: 709px) 85vw, (max-width: 909px) 67vw, (max-width: 1362px) 62vw, 840px\" \/><\/figure><\/div>\n","protected":false},"excerpt":{"rendered":"<p>&nbsp;&nbsp;&nbsp;&nbsp;&nbsp;&nbsp;&nbsp;&nbsp;&nbsp;&nbsp;&nbsp; Gabinet higieny szkolnej &nbsp; &nbsp; &nbsp; &nbsp; &nbsp;&nbsp;&nbsp;&nbsp;&nbsp;&nbsp;&nbsp; &nbsp;&nbsp; &nbsp;&nbsp;&nbsp; Gabinet Profilaktyczny &nbsp;&nbsp;&nbsp;&nbsp;&nbsp;&nbsp;&nbsp; &nbsp; &nbsp; &nbsp; &nbsp; &nbsp; &nbsp; &nbsp; &nbsp;&nbsp; &nbsp;&nbsp; Czynny: &nbsp;&nbsp;&nbsp;&nbsp;&nbsp;&nbsp;&nbsp;&nbsp;&nbsp;&nbsp; \u015aRODA&nbsp;&nbsp;&nbsp;&nbsp; &#8211; 7.30 &#8211; 10.30 &nbsp;&nbsp;&nbsp;&nbsp;&nbsp;&nbsp;&nbsp;&nbsp;&nbsp;&nbsp; WTOREK&nbsp;&nbsp; &#8211; 8.00 &#8211; 12.00 &nbsp;&nbsp;&nbsp;&nbsp;&nbsp;&nbsp;&nbsp;&nbsp; &nbsp; PI\u0104TEK &nbsp; &nbsp; &#8211; 7.30 &#8211; 10.30 &nbsp;&nbsp;&nbsp;&nbsp;&nbsp;&nbsp;&nbsp;&nbsp;&nbsp;&nbsp;&nbsp;&nbsp;&nbsp; Gabinet ma podpisan\u0105 umow\u0119 z NFZ.&nbsp; \u015awiadczenia z zakresu &hellip; <a href=\"https:\/\/sp8tg.pl\/web\/dla-uczniow\/pielegniarka-szkolna\/\" class=\"more-link\">Czytaj dalej<span class=\"screen-reader-text\"> \u201ePiel\u0119gniarka szkolna\u201d<\/span><\/a><\/p>\n","protected":false},"author":1,"featured_media":0,"parent":51,"menu_order":0,"comment_status":"closed","ping_status":"closed","template":"","meta":{"ngg_post_thumbnail":0,"footnotes":""},"_links":{"self":[{"href":"https:\/\/sp8tg.pl\/web\/wp-json\/wp\/v2\/pages\/3658"}],"collection":[{"href":"https:\/\/sp8tg.pl\/web\/wp-json\/wp\/v2\/pages"}],"about":[{"href":"https:\/\/sp8tg.pl\/web\/wp-json\/wp\/v2\/types\/page"}],"author":[{"embeddable":true,"href":"https:\/\/sp8tg.pl\/web\/wp-json\/wp\/v2\/users\/1"}],"replies":[{"embeddable":true,"href":"https:\/\/sp8tg.pl\/web\/wp-json\/wp\/v2\/comments?post=3658"}],"version-history":[{"count":11,"href":"https:\/\/sp8tg.pl\/web\/wp-json\/wp\/v2\/pages\/3658\/revisions"}],"predecessor-version":[{"id":16803,"href":"https:\/\/sp8tg.pl\/web\/wp-json\/wp\/v2\/pages\/3658\/revisions\/16803"}],"up":[{"embeddable":true,"href":"https:\/\/sp8tg.pl\/web\/wp-json\/wp\/v2\/pages\/51"}],"wp:attachment":[{"href":"https:\/\/sp8tg.pl\/web\/wp-json\/wp\/v2\/media?parent=3658"}],"curies":[{"name":"wp","href":"https:\/\/api.w.org\/{rel}","templated":true}]}}