{"id":3622,"date":"2016-05-23T12:57:47","date_gmt":"2016-05-23T10:57:47","guid":{"rendered":"http:\/\/gim4.tgory.pl\/web\/?page_id=3622"},"modified":"2021-10-14T09:56:12","modified_gmt":"2021-10-14T07:56:12","slug":"pomoc-szkole","status":"publish","type":"page","link":"https:\/\/sp8tg.pl\/web\/dla-rodzicow\/rada-rodzicow\/pomoc-szkole\/","title":{"rendered":"Obowi\u0105zek szkolny"},"content":{"rendered":"<h2 class=\"subpageTitle\">Obowi\u0105zek szkolny<\/h2>\n<div id=\"textDiv\" class=\"plainText\" data-gid=\"textDiv\">\n<p><strong>EGZEKUCJA OBOWI\u0104ZKU: ROCZNEGO PRZYGOTOWANIA PRZEDSZKOLNEGO, SZKOLNEGO LUB NAUKI<\/strong><\/p>\n<p>Zgodnie z art. 35 ust. 1 ustawy Prawo o\u015bwiatowe, <strong>nauka jest obowi\u0105zkowa do uko\u0144czenia 18 roku \u017cycia.<\/strong><\/p>\n<p>Zgodnie z art. 42 ust. 1 ustawy Prawo o\u015bwiatowe, <strong>niespe\u0142nianie obowi\u0105zku, o kt\u00f3rym mowa w art. 31 ust. 4 (tj.: obowi\u0105zku rocznego przygotowania przedszkolnego w&nbsp;przedszkolu, oddziale przedszkolnym w szkole podstawowej lub w innej formie wychowania przedszkolnego), obowi\u0105zku szkolnego lub obowi\u0105zku nauki podlega egzekucji w trybie przepis\u00f3w o post\u0119powaniu egzekucyjnym w administracji.<\/strong><\/p>\n<p>Na gruncie ustawy egzekucyjnej obowi\u0105zek rocznego przygotowania przedszkolnego, obowi\u0105zek szkolny lub obowi\u0105zek nauki nale\u017c\u0105 do kategorii obowi\u0105zk\u00f3w o charakterze niepieni\u0119\u017cnym (art. 2 \u00a7 1 pkt 10).<\/p>\n<p>\u015arodkiem przymuszaj\u0105cym do wyegzekwowania realizowania rocznego przygotowania przedszkolnego, obowi\u0105zku szkolnego lub obowi\u0105zku nauki, jest<strong> grzywna w celu przymuszenia.<\/strong><\/p>\n<p>Grzywny nie stosuje si\u0119 wobec ucznia, jako osoby ma\u0142oletniej. Zgodnie z art. 120 \u00a7 2 ustawy egzekucyjnej, nieucz\u0119szczanie dziecka do szko\u0142y skutkowa\u0107 b\u0119dzie na\u0142o\u017ceniem grzywny na jego przedstawicieli ustawowych. Tym samym egzekwowany b\u0119dzie rodzicielski obowi\u0105zek zapewnienia regularnego ucz\u0119szczania dziecka na zaj\u0119cia.<\/p>\n<p><strong>OBOWI\u0104ZEK ROCZNEGO PRZYGOTOWANIA PRZEDSZKOLNEGO<\/strong><\/p>\n<p>Zgodnie z art. 31 ustawy Prawo o\u015bwiatowe:<\/p>\n<ol>\n<li value=\"NaN\">art. 31 ust. 1 \u2013 Wychowanie przedszkolne obejmuje dzieci od pocz\u0105tku roku szkolnego w roku kalendarzowym, w kt\u00f3rym dziecko ko\u0144czy 3 lata, do ko\u0144ca roku szkolnego w roku kalendarzowym, w kt\u00f3rym dziecko ko\u0144czy 7 lat. Wychowanie przedszkolne jest realizowane w przedszkolach, oddzia\u0142ach przedszkolnych w&nbsp;szko\u0142ach podstawowych oraz w innych formach wychowania przedszkolnego.<\/li>\n<li value=\"NaN\">art. 31 ust. 2 \u2013 W przypadku dzieci posiadaj\u0105cych orzeczenie o potrzebie kszta\u0142cenia specjalnego wychowaniem przedszkolnym mo\u017ce by\u0107 obj\u0119te dziecko w wieku powy\u017cej 7 lat, nie d\u0142u\u017cej jednak ni\u017c do ko\u0144ca roku szkolnego w roku kalendarzowym, w&nbsp;kt\u00f3rym dziecko ko\u0144czy 9 lat.<\/li>\n<li value=\"NaN\">art. 31 ust. 4 \u2013 Dziecko w wieku 6 lat jest obowi\u0105zane odby\u0107 roczne przygotowanie przedszkolne w przedszkolu, oddziale przedszkolnym w szkole podstawowej lub w&nbsp;innej formie wychowania przedszkolnego.<\/li>\n<li value=\"NaN\">art. 31 ust. 5 \u2013 Obowi\u0105zek, o kt\u00f3rym mowa w ust. 4, rozpoczyna si\u0119 z pocz\u0105tkiem roku szkolnego w roku kalendarzowym, w kt\u00f3rym dziecko ko\u0144czy 6 lat. W przypadku dziecka, o kt\u00f3rym mowa w ust. 2, obowi\u0105zek ten rozpoczyna si\u0119 z pocz\u0105tkiem roku szkolnego poprzedzaj\u0105cego rok szkolny, w kt\u00f3rym dziecko rozpocznie spe\u0142nianie obowi\u0105zku szkolnego.<\/li>\n<\/ol>\n<p>&nbsp;<\/p>\n<p>&nbsp;<strong>OBOWI\u0104ZEK SZKOLNY<\/strong><\/p>\n<ol>\n<li value=\"NaN\">Zgodnie z art. 35 ust. 2 ustawy Prawo o\u015bwiatowe, obowi\u0105zek szkolny dziecka rozpoczyna si\u0119 z pocz\u0105tkiem roku szkolnego w roku kalendarzowym, w kt\u00f3rym dziecko ko\u0144czy 7 lat, oraz trwa do uko\u0144czenia szko\u0142y podstawowej, nie d\u0142u\u017cej jednak ni\u017c do uko\u0144czenia 18 roku \u017cycia.<\/li>\n<li value=\"NaN\">Zgodnie z art. 36 ust. 1 ustawy Prawo o\u015bwiatowe, na wniosek rodzic\u00f3w nauk\u0119 w&nbsp;szkole podstawowej mo\u017ce tak\u017ce rozpocz\u0105\u0107 dziecko, kt\u00f3re w danym roku kalendarzowym ko\u0144czy 6 lat.<\/li>\n<li value=\"NaN\">Zgodnie z art. 36 ust. 8 ustawy Prawo o\u015bwiatowe, obowi\u0105zek szkolny spe\u0142nia si\u0119 przez ucz\u0119szczanie do szko\u0142y podstawowej publicznej albo niepublicznej.<\/li>\n<li value=\"NaN\">Zgodnie z art. 40 ust. 1 ustawy Prawo o\u015bwiatowe, <strong>rodzice dziecka podlegaj\u0105cego obowi\u0105zkowi szkolnemu s\u0105 obowi\u0105zani do:<\/strong><\/li>\n<\/ol>\n<ul>\n<li>dope\u0142nienia czynno\u015bci zwi\u0105zanych ze zg\u0142oszeniem dziecka do szko\u0142y;<\/li>\n<li>zapewnienia regularnego ucz\u0119szczania na zaj\u0119cia szkolne;<\/li>\n<li>zapewnienia dziecku warunk\u00f3w umo\u017cliwiaj\u0105cych przygotowanie si\u0119 do zaj\u0119\u0107;<\/li>\n<li>informowania, w terminie do 30 wrze\u015bnia ka\u017cdego roku, dyrektora szko\u0142y podstawowej, w obwodzie kt\u00f3rych dziecko mieszka, o realizacji obowi\u0105zku szkolnego spe\u0142nianego w spos\u00f3b okre\u015blony w art. 36 ust. 10 lub 11.<\/li>\n<\/ul>\n<p>&nbsp;<\/p>\n<p><strong>OBOWI\u0104ZEK NAUKI<\/strong><\/p>\n<p>&nbsp;Zgodnie z art. 36 ust. 9 ustawy Prawo o\u015bwiatowe, po uko\u0144czeniu szko\u0142y podstawowej obowi\u0105zek nauki spe\u0142nia si\u0119 przez:<\/p>\n<ul>\n<li>ucz\u0119szczanie do publicznej lub niepublicznej szko\u0142y ponadpodstawowej;<\/li>\n<li>realizowanie, zgodnie z odr\u0119bnymi przepisami, przygotowania zawodowego u&nbsp;pracodawcy.<\/li>\n<\/ul>\n<p>Zgodnie z art. 36 ust. 12 ustawy Prawo o\u015bwiatowe, ucze\u0144, kt\u00f3ry uko\u0144czy\u0142 szko\u0142\u0119 ponadpodstawow\u0105 przed uko\u0144czeniem 18 roku \u017cycia, mo\u017ce r\u00f3wnie\u017c spe\u0142nia\u0107 obowi\u0105zek nauki przez ucz\u0119szczanie do szko\u0142y wy\u017cszej lub na kwalifikacyjne kursy zawodowe.<\/p>\n<p>Zgodnie z art. 36 ust. 10 ustawy Prawo o\u015bwiatowe, obowi\u0105zek, o kt\u00f3rym mowa w art. 31 ust. 4, obowi\u0105zek szkolny i obowi\u0105zek nauki mog\u0105 by\u0107 spe\u0142niane r\u00f3wnie\u017c przez ucz\u0119szczanie odpowiednio do przedszkola lub szko\u0142y:<\/p>\n<ul>\n<li>za granic\u0105, w tym na podstawie um\u00f3w mi\u0119dzynarodowych lub porozumie\u0144 o wsp\u00f3\u0142pracy bezpo\u015bredniej zawieranych przez szko\u0142y, jednostki samorz\u0105du terytorialnego i organy administracji rz\u0105dowej lub w ramach program\u00f3w edukacyjnych Unii Europejskiej;<\/li>\n<li>przy przedstawicielstwie dyplomatycznym innego pa\u0144stwa w Polsce.<\/li>\n<\/ul>\n<p>Zgodnie z art. 36 ust. 17 ustawy Prawo o\u015bwiatowe, za spe\u0142nianie obowi\u0105zku, o kt\u00f3rym mowa w art. 31 ust. 4, obowi\u0105zku szkolnego i obowi\u0105zku nauki uznaje si\u0119 r\u00f3wnie\u017c udzia\u0142 dzieci i&nbsp;m\u0142odzie\u017cy z niepe\u0142nosprawno\u015bci\u0105 intelektualn\u0105 w stopniu g\u0142\u0119bokim w zaj\u0119ciach rewalidacyjno \u2013wychowawczych, organizowanych zgodnie z odr\u0119bnymi przepisami.<\/p>\n<p>Zgodnie z art. 37 ust. 1 ustawy Prawo o\u015bwiatowe, na wniosek rodzic\u00f3w dyrektor odpowiednio publicznego lub niepublicznego przedszkola, szko\u0142y podstawowej i szko\u0142y ponadpodstawowej, do kt\u00f3rej dziecko zosta\u0142o przyj\u0119te, mo\u017ce zezwoli\u0107, w drodze decyzji, na spe\u0142nianie przez dziecko odpowiednio obowi\u0105zku, o kt\u00f3rym mowa w art. 31 ust. 4, poza przedszkolem, oddzia\u0142em przedszkolnym w szkole podstawowej lub inn\u0105 form\u0105 wychowania przedszkolnego i obowi\u0105zku szkolnego lub obowi\u0105zku nauki poza szko\u0142\u0105.<\/p>\n<p>&nbsp;Zgodnie z art. 42 ust. 1 ustawy Prawo o\u015bwiatowe, niespe\u0142nianie obowi\u0105zku, o kt\u00f3rym mowa w art. 31 ust. 4, obowi\u0105zku szkolnego lub obowi\u0105zku nauki podlega egzekucji w trybie przepis\u00f3w o post\u0119powaniu egzekucyjnym w administracji.<\/p>\n<p>Przez niespe\u0142nienie obowi\u0105zku, o kt\u00f3rym mowa w art. 31 ust. 4, obowi\u0105zku szkolnego lub obowi\u0105zku nauki nale\u017cy rozumie\u0107 nieusprawiedliwion\u0105 nieobecno\u015b\u0107 w okresie jednego miesi\u0105ca na co najmniej 50%:<\/p>\n<ul>\n<li>dni zaj\u0119\u0107 w przedszkolu, oddziale przedszkolnym w szkole podstawowej, innej formie wychowania przedszkolnego, szkole podstawowej, szkole ponadpodstawowej lub plac\u00f3wce;<\/li>\n<li>zaj\u0119\u0107 w przypadku spe\u0142niania obowi\u0105zku nauki w spos\u00f3b okre\u015blony w art. 36 ust. 9 pkt 2 i w przepisach wydanych na podstawie art. 36 ust. 16.<\/li>\n<\/ul>\n<p>&nbsp;<\/p>\n<p>Zgodnie z art. 40 ust. 2 ustawy Prawo o\u015bwiatowe, <strong>rodzice dziecka podlegaj\u0105cego obowi\u0105zkowi nauki,<\/strong> na \u017c\u0105danie w\u00f3jta gminy (burmistrza, prezydenta miasta), na terenie kt\u00f3rej dziecko mieszka, s\u0105 obowi\u0105zani informowa\u0107 go o formie spe\u0142niania obowi\u0105zku nauki przez dziecko i zmianach w tym zakresie.<\/p>\n<p>&nbsp;Rodzice dziecka realizuj\u0105cego obowi\u0105zek szkolny lub obowi\u0105zek nauki poza szko\u0142\u0105 na podstawie zezwolenia, o kt\u00f3rym mowa w art. 37 ust. 1, s\u0105 obowi\u0105zani do zapewnienia dziecku warunk\u00f3w nauki okre\u015blonych w tym zezwoleniu.<\/p>\n<p><strong>POWINNO\u015aCI DYREKTORA SZKO\u0141Y W RAMACH KONTROLI SPE\u0141NIANIA OBOWI\u0104ZKU SZKOLNEGO<\/strong><\/p>\n<p>Zgodnie z art. 41 ust. 1 ustawa z dnia 14 grudnia 2016 r. Prawo o\u015bwiatowe (Dz. U. z 2017r. poz. 59, poz. 949), dyrektorzy publicznych szk\u00f3\u0142 podstawowych:<\/p>\n<ul>\n<li>kontroluj\u0105 spe\u0142nianie obowi\u0105zku szkolnego przez dzieci zamieszka\u0142e w obwodach tych szk\u00f3\u0142;<\/li>\n<li>kontroluj\u0105 wykonywanie obowi\u0105zk\u00f3w, o kt\u00f3rych mowa w art. 40 ust. 1 pkt 1, 2 i 4, a tak\u017ce wsp\u00f3\u0142dzia\u0142aj\u0105 z rodzicami w realizacji obowi\u0105zk\u00f3w, o kt\u00f3rych mowa w art. 40 ust. 1 pkt 3 i ust. 3;<\/li>\n<li>prowadz\u0105 ewidencje spe\u0142niania obowi\u0105zku szkolnego.<\/li>\n<\/ul>\n<p>Dyrektor jest <strong>wierzycielem obowi\u0105zku szkolnego.<\/strong> Zgodnie z art. 1a pkt 13 ustawy z dnia 17 czerwca 1966 r. o post\u0119powaniu egzekucyjnym w administracji (Dz. U. z 2017 r. poz. 1201), przez wierzyciela rozumie si\u0119 podmiot uprawniony do \u017c\u0105dania wykonania obowi\u0105zku lub jego zabezpieczenia w administracyjnym post\u0119powaniu egzekucyjnym lub zabezpieczaj\u0105cym.<\/p>\n<p><strong>OBOWI\u0104ZKI WIERZYCIELA<\/strong><\/p>\n<ol>\n<li value=\"NaN\"><strong>Wystosowanie upomnienia<\/strong> \u2013 art. 15 ustawy o post\u0119powaniu egzekucyjnym w&nbsp;administracji. Adresatem upomnienia jest zobowi\u0105zany (w tym przypadku rodzic b\u0105d\u017a opiekun prawny). Wymagana jest forma pisemna, za\u015b tre\u015b\u0107 upomnienia to wezwanie do wykonania obowi\u0105zku, z zagro\u017ceniem skierowania sprawy na drog\u0119 post\u0119powania egzekucyjnego. Dla cel\u00f3w dowodowych konieczne jest takie dor\u0119czenie upomnienia, aby mo\u017cna by\u0142o ustali\u0107 dzie\u0144 (dat\u0119), w kt\u00f3rym dor\u0119czenie nast\u0105pi\u0142o \u2013 czyli, w razie korzystania z drogi pocztowej, za zwrotnym po\u015bwiadczeniem odbioru (zawieraj\u0105cym adnotacj\u0119 m\u00f3wi\u0105c\u0105 o tym, \u017ce w przypadku kiedy dana osoba nie jest adresatem pisma, np. s\u0105siad, dozorca domu, zobowi\u0105zuje si\u0119 przekaza\u0107 je adresatowi i&nbsp;bierze na siebie za to odpowiedzialno\u015b\u0107). Zgodnie z rozporz\u0105dzeniem Ministra Finans\u00f3w z dnia 11 wrze\u015bnia 2015 r. w sprawie wysoko\u015bci koszt\u00f3w upomnienia skierowanego przez wierzyciela do zobowi\u0105zanego przed wszcz\u0119ciem egzekucji administracyjnej (Dz. U. z 2015 r. poz. 1526), koszty upomnienia w post\u0119powaniu egzekucyjnym w administracji wynosz\u0105 11, 60 z\u0142.<\/li>\n<li value=\"NaN\"><strong>Wystawienie tytu\u0142u wykonawczego<\/strong> \u2013 art. 26 \u00a7 1 i art. 27 ustawy o post\u0119powaniu egzekucyjnym w administracji. Po up\u0142ywie siedmiu dni, od dnia dor\u0119czenia upomnienia, wierzyciel mo\u017ce dokona\u0107 kolejnej czynno\u015bci zmierzaj\u0105cej do zastosowania \u015brodka egzekucyjnego w postaci grzywny w celu przymuszenia. Jest ni\u0105 wystawienie tytu\u0142u wykonawczego, o tre\u015bci okre\u015blonej art. 27 \u00a7 1 ustawy egzekucyjnej. Wz\u00f3r tytu\u0142u wykonawczego zwi\u0105zanego z obowi\u0105zkami o charakterze niepieni\u0119\u017cnym ustalono na podstawie rozporz\u0105dzenia Ministra Finans\u00f3w z dnia 8&nbsp;sierpnia 2016r. w sprawie wzor\u00f3w tytu\u0142\u00f3w wykonawczych stosowanych w egzekucji administracyjnej (Dz. U. z 2016 r. poz. 1305, z 2017 r. poz. 469).<\/li>\n<li value=\"NaN\"><strong>Wyst\u0105pienie z wnioskiem o wszcz\u0119cie egzekucji<\/strong> \u2013 art. 26 \u00a7 1 i art. 28 ustawy o&nbsp;post\u0119powaniu egzekucyjnym w administracji. Wierzyciel wyst\u0119puje z wnioskiem o&nbsp;wszcz\u0119cie egzekucji. Zgodnie z wymogiem art. 28 ustawy egzekucyjnej, poniewa\u017c&nbsp;egzekucja dotyczy w omawianym przypadku obowi\u0105zku o charakterze niepieni\u0119\u017cnym, dyrektor \u2013 wierzyciel powinien wskaza\u0107 we wniosku \u015brodek egzekucyjny. Jest nim grzywna w celu przymuszenia \u2013 art. 1a pkt 12 lit. b i art. 119 ustawy egzekucyjnej.<\/li>\n<li value=\"NaN\">Wniosek oraz tytu\u0142 wykonawczy z za\u0142\u0105czonym dowodem dor\u0119czenia upomnienia sk\u0142ada si\u0119 w organie egzekucyjnym (tj.: Wydzia\u0142 Edukacji Urz\u0119du Miasta Krakowa, ul. Stachowicza 18, 30 \u2013 103 Krak\u00f3w).<\/li>\n<li value=\"NaN\">W toku post\u0119powania egzekucyjnego, prowadzonego przez organ egzekucyjny, dyrektor mo\u017ce wyst\u0119powa\u0107 z wnioskami i \u015brodkami procesowymi przys\u0142uguj\u0105cymi wierzycielowi. Mo\u017ce zastosowa\u0107 za\u017calenie na postanowienia oraz wyst\u0119powa\u0107 z&nbsp;wnioskami o zawieszenie lub umorzenie post\u0119powania egzekucyjnego.<\/li>\n<\/ol>\n<p>&nbsp;<\/p>\n<p><strong>ZADANIA ORGANU PROWADZ\u0104CEGO (EGZEKUCYJNEGO)<\/strong><\/p>\n<ol>\n<li value=\"NaN\">Rol\u0105 organu egzekucyjnego jest doprowadzenie do wykonania obowi\u0105zku podlegaj\u0105cego egzekucji, czyli wymuszenie na rodzicach (prawnych opiekunach) po\u017c\u0105danych zachowa\u0144 dziecka i (lub) samych rodzic\u00f3w, drog\u0105 zastosowania grzywny w celu przymuszenia. Organ egzekucyjny dor\u0119cza zobowi\u0105zanemu odpis tytu\u0142u wykonawczego oraz postanowienie o na\u0142o\u017ceniu grzywny w celu przymuszenia.<\/li>\n<li value=\"NaN\">Gmina \u2013 zgodnie z ustaw\u0105 Prawo o\u015bwiatowe \u2013 kontroluje spe\u0142nianie obowi\u0105zku nauki przez m\u0142odzie\u017c (w wieku 16 \u2013 18 lat) zamieszka\u0142\u0105 na terenie tej gminy.<\/li>\n<\/ol>\n<p>&nbsp;<strong>Informacje dodatkowe:<\/strong><\/p>\n<ol>\n<li value=\"NaN\">Grzywna w celu przymuszenia mo\u017ce by\u0107 nak\u0142adana kilkakrotnie w tej samej lub wy\u017cszej kwocie. Ka\u017cdorazowo na\u0142o\u017cona grzywna nie mo\u017ce przekracza\u0107 kwoty 10 000 z\u0142, a grzywny nak\u0142adane wielokrotnie nie mog\u0105 \u0142\u0105cznie przekroczy\u0107 kwoty 50 000 z\u0142 (art. 121 ustawy o post\u0119powaniu egzekucyjnym w administracji).<\/li>\n<li value=\"NaN\">Zobowi\u0105zanemu \u2013 rodzicowi dziecka niespe\u0142niaj\u0105cego obowi\u0105zku szkolnego \u2013 s\u0142u\u017cy prawo zg\u0142oszenia zarzut\u00f3w i wniesienia za\u017calenia w sprawie prowadzenia ca\u0142ego post\u0119powania egzekucyjnego (art. 33 i 34 ustawy egzekucyjnej) oraz prawo wniesienia za\u017calenia na postanowienie o na\u0142o\u017ceniu grzywny.<\/li>\n<li value=\"NaN\">W przypadkach szczeg\u00f3lnych, w odniesieniu do uczni\u00f3w nierealizuj\u0105cych obowi\u0105zku szkolnego lub nauki, zw\u0142aszcza przejawiaj\u0105cych cechy demoralizacji oraz z rodzin niewydolnych wychowawczo, gdy szko\u0142a wyczerpa\u0142a ju\u017c prawnie dost\u0119pne \u015brodki oddzia\u0142ywa\u0144 wychowawczych, rekomendowanym jest wniosek wierzyciela\/dyrektora szko\u0142y skierowany do w\u0142a\u015bciwego Wydzia\u0142u Rodzinnego i Nieletnich S\u0105du Rejonowego o wgl\u0105d w sytuacj\u0119 rodzinn\u0105 ma\u0142oletniego i podj\u0119cie stosownych dzia\u0142a\u0144.<\/li>\n<li value=\"NaN\">W razie wykonania obowi\u0105zku okre\u015blonego w tytule wykonawczym (regularnego posy\u0142ania dziecka do szko\u0142y) na\u0142o\u017cone, a nieuiszczone lub nie\u015bci\u0105gni\u0119te grzywny w&nbsp;celu przymuszenia podlegaj\u0105 umorzeniu (art. 125 ustawy egzekucyjnej).<\/li>\n<\/ol>\n<p>&nbsp;<\/p>\n<\/div>\n\n\n<figure class=\"wp-block-image\"><img loading=\"lazy\" decoding=\"async\" width=\"960\" height=\"502\" src=\"http:\/\/gim4.tgory.pl\/web\/wp-content\/uploads\/2019\/02\/dz2.jpg\" alt=\"\" class=\"wp-image-10514\" srcset=\"https:\/\/sp8tg.pl\/web\/wp-content\/uploads\/2019\/02\/dz2.jpg 960w, https:\/\/sp8tg.pl\/web\/wp-content\/uploads\/2019\/02\/dz2-300x157.jpg 300w, https:\/\/sp8tg.pl\/web\/wp-content\/uploads\/2019\/02\/dz2-768x402.jpg 768w\" sizes=\"(max-width: 709px) 85vw, (max-width: 909px) 67vw, (max-width: 1362px) 62vw, 840px\" \/><\/figure>\n\n\n\n<p><\/p>\n","protected":false},"excerpt":{"rendered":"<p>Obowi\u0105zek szkolny EGZEKUCJA OBOWI\u0104ZKU: ROCZNEGO PRZYGOTOWANIA PRZEDSZKOLNEGO, SZKOLNEGO LUB NAUKI Zgodnie z art. 35 ust. 1 ustawy Prawo o\u015bwiatowe, nauka jest obowi\u0105zkowa do uko\u0144czenia 18 roku \u017cycia. Zgodnie z art. 42 ust. 1 ustawy Prawo o\u015bwiatowe, niespe\u0142nianie obowi\u0105zku, o kt\u00f3rym mowa w art. 31 ust. 4 (tj.: obowi\u0105zku rocznego przygotowania przedszkolnego w&nbsp;przedszkolu, oddziale przedszkolnym w &hellip; <a href=\"https:\/\/sp8tg.pl\/web\/dla-rodzicow\/rada-rodzicow\/pomoc-szkole\/\" class=\"more-link\">Czytaj dalej<span class=\"screen-reader-text\"> \u201eObowi\u0105zek szkolny\u201d<\/span><\/a><\/p>\n","protected":false},"author":1,"featured_media":0,"parent":47,"menu_order":0,"comment_status":"closed","ping_status":"closed","template":"","meta":{"ngg_post_thumbnail":0,"footnotes":""},"_links":{"self":[{"href":"https:\/\/sp8tg.pl\/web\/wp-json\/wp\/v2\/pages\/3622"}],"collection":[{"href":"https:\/\/sp8tg.pl\/web\/wp-json\/wp\/v2\/pages"}],"about":[{"href":"https:\/\/sp8tg.pl\/web\/wp-json\/wp\/v2\/types\/page"}],"author":[{"embeddable":true,"href":"https:\/\/sp8tg.pl\/web\/wp-json\/wp\/v2\/users\/1"}],"replies":[{"embeddable":true,"href":"https:\/\/sp8tg.pl\/web\/wp-json\/wp\/v2\/comments?post=3622"}],"version-history":[{"count":12,"href":"https:\/\/sp8tg.pl\/web\/wp-json\/wp\/v2\/pages\/3622\/revisions"}],"predecessor-version":[{"id":14802,"href":"https:\/\/sp8tg.pl\/web\/wp-json\/wp\/v2\/pages\/3622\/revisions\/14802"}],"up":[{"embeddable":true,"href":"https:\/\/sp8tg.pl\/web\/wp-json\/wp\/v2\/pages\/47"}],"wp:attachment":[{"href":"https:\/\/sp8tg.pl\/web\/wp-json\/wp\/v2\/media?parent=3622"}],"curies":[{"name":"wp","href":"https:\/\/api.w.org\/{rel}","templated":true}]}}