{"id":3617,"date":"2016-05-23T12:52:27","date_gmt":"2016-05-23T10:52:27","guid":{"rendered":"http:\/\/gim4.tgory.pl\/web\/?page_id=3617"},"modified":"2023-12-12T12:22:06","modified_gmt":"2023-12-12T11:22:06","slug":"dla-rodzicow","status":"publish","type":"page","link":"https:\/\/sp8tg.pl\/web\/dla-rodzicow\/","title":{"rendered":"Dla Rodzic\u00f3w"},"content":{"rendered":"<h5><span style=\"text-decoration: underline;\">Rada Rodzic\u00f3w przy Szkole Podstawowej nr 8&nbsp; im. Pu\u0142ku 3. U\u0142an\u00f3w \u015al\u0105skich w Tarnowskich G\u00f3rach:<\/span><\/h5>\n<p>&nbsp;<\/p>\n<p style=\"text-align: center;\"><strong>Nowy numer konta bankowego Rady Rodzic\u00f3w<\/strong><\/p>\n<h3 style=\"text-align: center;\">nr konta w&nbsp; PKO BP:<\/h3>\n<h3 style=\"text-align: center;\">25 1020 2368 0000 2602 0597 2882<\/h3>\n<h5>&nbsp;<\/h5>\n\n\n<figure class=\"wp-block-image\"><img loading=\"lazy\" decoding=\"async\" width=\"1024\" height=\"219\" src=\"http:\/\/sp8tg.pl\/web\/wp-content\/uploads\/2019\/09\/nr-konta-RR-1024x219.jpg\" alt=\"\" class=\"wp-image-11336\" srcset=\"https:\/\/sp8tg.pl\/web\/wp-content\/uploads\/2019\/09\/nr-konta-RR-1024x219.jpg 1024w, https:\/\/sp8tg.pl\/web\/wp-content\/uploads\/2019\/09\/nr-konta-RR-300x64.jpg 300w, https:\/\/sp8tg.pl\/web\/wp-content\/uploads\/2019\/09\/nr-konta-RR-768x164.jpg 768w, https:\/\/sp8tg.pl\/web\/wp-content\/uploads\/2019\/09\/nr-konta-RR-1200x257.jpg 1200w, https:\/\/sp8tg.pl\/web\/wp-content\/uploads\/2019\/09\/nr-konta-RR.jpg 1600w\" sizes=\"(max-width: 709px) 85vw, (max-width: 909px) 67vw, (max-width: 1362px) 62vw, 840px\" \/><\/figure>\n","protected":false},"excerpt":{"rendered":"<p>Rada Rodzic\u00f3w przy Szkole Podstawowej nr 8&nbsp; im. Pu\u0142ku 3. U\u0142an\u00f3w \u015al\u0105skich w Tarnowskich G\u00f3rach: &nbsp; Nowy numer konta bankowego Rady Rodzic\u00f3w nr konta w&nbsp; PKO BP: 25 1020 2368 0000 2602 0597 2882 &nbsp;<\/p>\n","protected":false},"author":1,"featured_media":0,"parent":0,"menu_order":0,"comment_status":"closed","ping_status":"closed","template":"","meta":{"ngg_post_thumbnail":0,"footnotes":""},"_links":{"self":[{"href":"https:\/\/sp8tg.pl\/web\/wp-json\/wp\/v2\/pages\/3617"}],"collection":[{"href":"https:\/\/sp8tg.pl\/web\/wp-json\/wp\/v2\/pages"}],"about":[{"href":"https:\/\/sp8tg.pl\/web\/wp-json\/wp\/v2\/types\/page"}],"author":[{"embeddable":true,"href":"https:\/\/sp8tg.pl\/web\/wp-json\/wp\/v2\/users\/1"}],"replies":[{"embeddable":true,"href":"https:\/\/sp8tg.pl\/web\/wp-json\/wp\/v2\/comments?post=3617"}],"version-history":[{"count":10,"href":"https:\/\/sp8tg.pl\/web\/wp-json\/wp\/v2\/pages\/3617\/revisions"}],"predecessor-version":[{"id":17243,"href":"https:\/\/sp8tg.pl\/web\/wp-json\/wp\/v2\/pages\/3617\/revisions\/17243"}],"wp:attachment":[{"href":"https:\/\/sp8tg.pl\/web\/wp-json\/wp\/v2\/media?parent=3617"}],"curies":[{"name":"wp","href":"https:\/\/api.w.org\/{rel}","templated":true}]}}