{"id":25,"date":"2016-02-22T06:06:20","date_gmt":"2016-02-22T05:06:20","guid":{"rendered":"http:\/\/station75.com\/gm4\/?page_id=25"},"modified":"2021-06-14T14:05:27","modified_gmt":"2021-06-14T12:05:27","slug":"o-patronach","status":"publish","type":"page","link":"https:\/\/sp8tg.pl\/web\/nasze-gimnazjum\/o-patronach\/","title":{"rendered":"O Patronach"},"content":{"rendered":"<p>Pu\u0142k 3. U\u0142an\u00f3w \u015al\u0105skich powsta\u0142 w listopadzie 1917 r. jako 3 Pu\u0142k U\u0142an\u00f3w I Korpusu Polskiego pod dow\u00f3dztwem p\u0142k. L.\u0141empickiego do lipca 1918 r. kiedy go rozwi\u0105zano.<\/p>\n<p>Powt\u00f3rnie sformowano Pu\u0142k 23 pa\u017adziernika 1918 r. w Warszawie pod dow\u00f3dztwem p\u0142k. S.Strzemie\u0144skiego.<\/p>\n<p>W latach 1919- 1920 bra\u0142 udzia\u0142 w wojnie z bolszewikami pod dow\u00f3dztwem mjr. C Bystrama.<\/p>\n<p>W czerwcu 1922 r. przyby\u0142 do Tarnowskich G\u00f3r , sk\u0105d wyruszy\u0142 w 1939 r. na kampani\u0119 wrze\u015bniow\u0105 pod dow\u00f3dztwem p\u0142k. Cz. Chmielewskiego.<\/p>\n<p>Dnia 26 kwietnia 2007 r. Rada Miejska w Tarnowskich G\u00f3rach nada\u0142a imi\u0119 Pu\u0142ku 3. U\u0142an\u00f3w \u015al\u0105skich Publicznemu Gimnazjum nr 4 w Tarnowskich G\u00f3rach.<\/p>\n<h4><strong>Zapraszamy do obejrzenia <a href=\"https:\/\/sp8tg-my.sharepoint.com\/:v:\/g\/personal\/lukasz_migdal_sp8tg_onmicrosoft_com\/Ee8X1LHzadNPsyP21A_PpQ8B4iw1SDhLeMhzH3GAiMdR4A?e=jcXPhq\">s\u0142uchowiska wizualnego<\/a>, po\u015bwi\u0119conego historii Pu\u0142ku 3. U\u0142an\u00f3w \u015al\u0105skich w latach 1918-1921, a przygotowanego przez uczni\u00f3w SP8 w okresie pandemii COVID w kwietniu i maju 2021 r.<\/strong><\/h4>\n<p><a href=\"https:\/\/sp8tg-my.sharepoint.com\/:v:\/g\/personal\/lukasz_migdal_sp8tg_onmicrosoft_com\/Ee8X1LHzadNPsyP21A_PpQ8B4iw1SDhLeMhzH3GAiMdR4A?e=jcXPhq\"><strong>LINK DO S\u0141UCHOWISKA WIZUALNEGO<\/strong><\/a><\/p>\n<p><strong>W naszej szkole znajduje si\u0119 galeria U\u0142an\u00f3w \u015al\u0105skich, kt\u00f3ra powsta\u0142a w ramach projektu edukacyjnego&nbsp; w roku szkolnym 2011\/2012 wykonana przez uczni\u00f3w klasy IIIa: King\u0119 Kowal, Katarzyn\u0119 Mystek, Patrycj\u0119 Sk\u00f3rk\u0119 i Piotra Musialika.<\/strong><\/p>\n<p><img loading=\"lazy\" decoding=\"async\" class=\"alignnone size-medium wp-image-4056\" src=\"http:\/\/gim4.tgory.pl\/web\/wp-content\/uploads\/2016\/02\/IMG_5559-225x300.jpg\" alt=\"img_5559\" width=\"225\" height=\"300\" srcset=\"https:\/\/sp8tg.pl\/web\/wp-content\/uploads\/2016\/02\/IMG_5559-225x300.jpg 225w, https:\/\/sp8tg.pl\/web\/wp-content\/uploads\/2016\/02\/IMG_5559-768x1024.jpg 768w, https:\/\/sp8tg.pl\/web\/wp-content\/uploads\/2016\/02\/IMG_5559-1200x1600.jpg 1200w\" sizes=\"(max-width: 225px) 85vw, 225px\" \/>&nbsp; <img loading=\"lazy\" decoding=\"async\" class=\"alignnone size-medium wp-image-4058\" src=\"http:\/\/gim4.tgory.pl\/web\/wp-content\/uploads\/2016\/02\/IMG_5560-225x300.jpg\" alt=\"img_5560\" width=\"225\" height=\"300\" srcset=\"https:\/\/sp8tg.pl\/web\/wp-content\/uploads\/2016\/02\/IMG_5560-225x300.jpg 225w, https:\/\/sp8tg.pl\/web\/wp-content\/uploads\/2016\/02\/IMG_5560-768x1024.jpg 768w, https:\/\/sp8tg.pl\/web\/wp-content\/uploads\/2016\/02\/IMG_5560-1200x1600.jpg 1200w\" sizes=\"(max-width: 225px) 85vw, 225px\" \/>&nbsp; <img loading=\"lazy\" decoding=\"async\" class=\"alignnone size-medium wp-image-4059\" src=\"http:\/\/gim4.tgory.pl\/web\/wp-content\/uploads\/2016\/02\/IMG_5561-225x300.jpg\" alt=\"img_5561\" width=\"225\" height=\"300\" srcset=\"https:\/\/sp8tg.pl\/web\/wp-content\/uploads\/2016\/02\/IMG_5561-225x300.jpg 225w, https:\/\/sp8tg.pl\/web\/wp-content\/uploads\/2016\/02\/IMG_5561-768x1024.jpg 768w, https:\/\/sp8tg.pl\/web\/wp-content\/uploads\/2016\/02\/IMG_5561-1200x1600.jpg 1200w\" sizes=\"(max-width: 225px) 85vw, 225px\" \/><\/p>\n<p><img loading=\"lazy\" decoding=\"async\" class=\"alignnone size-medium wp-image-4060\" src=\"http:\/\/gim4.tgory.pl\/web\/wp-content\/uploads\/2016\/02\/IMG_5562-225x300.jpg\" alt=\"img_5562\" width=\"225\" height=\"300\" srcset=\"https:\/\/sp8tg.pl\/web\/wp-content\/uploads\/2016\/02\/IMG_5562-225x300.jpg 225w, https:\/\/sp8tg.pl\/web\/wp-content\/uploads\/2016\/02\/IMG_5562-768x1024.jpg 768w, https:\/\/sp8tg.pl\/web\/wp-content\/uploads\/2016\/02\/IMG_5562-1200x1600.jpg 1200w\" sizes=\"(max-width: 225px) 85vw, 225px\" \/>&nbsp; <img loading=\"lazy\" decoding=\"async\" class=\"alignnone size-medium wp-image-4061\" src=\"http:\/\/gim4.tgory.pl\/web\/wp-content\/uploads\/2016\/02\/IMG_5563-225x300.jpg\" alt=\"img_5563\" width=\"225\" height=\"300\" srcset=\"https:\/\/sp8tg.pl\/web\/wp-content\/uploads\/2016\/02\/IMG_5563-225x300.jpg 225w, https:\/\/sp8tg.pl\/web\/wp-content\/uploads\/2016\/02\/IMG_5563-768x1024.jpg 768w, https:\/\/sp8tg.pl\/web\/wp-content\/uploads\/2016\/02\/IMG_5563-1200x1600.jpg 1200w\" sizes=\"(max-width: 225px) 85vw, 225px\" \/>&nbsp; <img loading=\"lazy\" decoding=\"async\" class=\"alignnone size-medium wp-image-4062\" src=\"http:\/\/gim4.tgory.pl\/web\/wp-content\/uploads\/2016\/02\/IMG_5565-225x300.jpg\" alt=\"img_5565\" width=\"225\" height=\"300\" srcset=\"https:\/\/sp8tg.pl\/web\/wp-content\/uploads\/2016\/02\/IMG_5565-225x300.jpg 225w, https:\/\/sp8tg.pl\/web\/wp-content\/uploads\/2016\/02\/IMG_5565-768x1024.jpg 768w, https:\/\/sp8tg.pl\/web\/wp-content\/uploads\/2016\/02\/IMG_5565-1200x1600.jpg 1200w\" sizes=\"(max-width: 225px) 85vw, 225px\" \/><\/p>\n<p><img loading=\"lazy\" decoding=\"async\" class=\"alignnone size-medium wp-image-4063\" src=\"http:\/\/gim4.tgory.pl\/web\/wp-content\/uploads\/2016\/02\/IMG_5567-225x300.jpg\" alt=\"img_5567\" width=\"225\" height=\"300\" srcset=\"https:\/\/sp8tg.pl\/web\/wp-content\/uploads\/2016\/02\/IMG_5567-225x300.jpg 225w, https:\/\/sp8tg.pl\/web\/wp-content\/uploads\/2016\/02\/IMG_5567-768x1024.jpg 768w, https:\/\/sp8tg.pl\/web\/wp-content\/uploads\/2016\/02\/IMG_5567-1200x1600.jpg 1200w\" sizes=\"(max-width: 225px) 85vw, 225px\" \/>&nbsp; <img loading=\"lazy\" decoding=\"async\" class=\"alignnone size-medium wp-image-4064\" src=\"http:\/\/gim4.tgory.pl\/web\/wp-content\/uploads\/2016\/02\/IMG_5568-225x300.jpg\" alt=\"img_5568\" width=\"225\" height=\"300\" srcset=\"https:\/\/sp8tg.pl\/web\/wp-content\/uploads\/2016\/02\/IMG_5568-225x300.jpg 225w, https:\/\/sp8tg.pl\/web\/wp-content\/uploads\/2016\/02\/IMG_5568-768x1024.jpg 768w, https:\/\/sp8tg.pl\/web\/wp-content\/uploads\/2016\/02\/IMG_5568-1200x1600.jpg 1200w\" sizes=\"(max-width: 225px) 85vw, 225px\" \/>&nbsp; <img loading=\"lazy\" decoding=\"async\" class=\"alignnone size-medium wp-image-4065\" src=\"http:\/\/gim4.tgory.pl\/web\/wp-content\/uploads\/2016\/02\/IMG_5569-225x300.jpg\" alt=\"img_5569\" width=\"225\" height=\"300\" srcset=\"https:\/\/sp8tg.pl\/web\/wp-content\/uploads\/2016\/02\/IMG_5569-225x300.jpg 225w, https:\/\/sp8tg.pl\/web\/wp-content\/uploads\/2016\/02\/IMG_5569-768x1024.jpg 768w, https:\/\/sp8tg.pl\/web\/wp-content\/uploads\/2016\/02\/IMG_5569-1200x1600.jpg 1200w\" sizes=\"(max-width: 225px) 85vw, 225px\" \/><\/p>\n<p><span style=\"text-decoration: underline;\"><strong>Dzisiejsi U\u0142ani:<\/strong> <\/span><\/p>\n<p><img loading=\"lazy\" decoding=\"async\" class=\"irc_mi iWwuxCkxYLI0-pQOPx8XEepE\" src=\"http:\/\/www.grawerapanasiuk.pl\/images\/3pu.jpg\" alt=\"Znalezione obrazy dla zapytania 3 pu\u0142k u\u0142an\u00f3w \u015bl\u0105skich tarnowskie g\u00f3ry\" width=\"350\" height=\"313\">&nbsp;&nbsp;&nbsp; <img loading=\"lazy\" decoding=\"async\" class=\"irc_mi iWwuxCkxYLI0-pQOPx8XEepE\" src=\"https:\/\/upload.wikimedia.org\/wikipedia\/commons\/thumb\/6\/62\/Ulani_RB9.jpg\/200px-Ulani_RB9.jpg\" alt=\"Znalezione obrazy dla zapytania 3 pu\u0142k u\u0142an\u00f3w \u015bl\u0105skich tarnowskie g\u00f3ry\" width=\"200\" height=\"267\"> &nbsp; &nbsp;<img decoding=\"async\" class=\"rg_ic rg_i\" src=\"https:\/\/encrypted-tbn3.gstatic.com\/images?q=tbn:ANd9GcQiOb_2Y8KY3UW1pEN7LoQ2QGCfY0zFQhMenGo8atA4wp_ZBx38\" alt=\"Znalezione obrazy dla zapytania 3 pu\u0142k u\u0142an\u00f3w \u015bl\u0105skich tarnowskie g\u00f3ry\" name=\"I_Bbrh5B1TeyKM:\" data-src=\"https:\/\/encrypted-tbn3.gstatic.com\/images?q=tbn:ANd9GcQiOb_2Y8KY3UW1pEN7LoQ2QGCfY0zFQhMenGo8atA4wp_ZBx38\" data-sz=\"f\"><\/p>\n<p>&nbsp;<\/p>\n<p><img loading=\"lazy\" decoding=\"async\" class=\"irc_mi iWwuxCkxYLI0-pQOPx8XEepE\" src=\"http:\/\/3.bp.blogspot.com\/--w7UwBP6ZTA\/UBaqbEMdiSI\/AAAAAAAABPE\/ZApR45Tk9gA\/s1600\/krakowska.png\" alt=\"Znalezione obrazy dla zapytania 3 pu\u0142k u\u0142an\u00f3w \u015bl\u0105skich tarnowskie g\u00f3ry\" width=\"640\" height=\"480\"><\/p>\n<p>&nbsp;<\/p>\n<p>&nbsp;<\/p>\n<p>&nbsp;<\/p>\n","protected":false},"excerpt":{"rendered":"<p>Pu\u0142k 3. U\u0142an\u00f3w \u015al\u0105skich powsta\u0142 w listopadzie 1917 r. jako 3 Pu\u0142k U\u0142an\u00f3w I Korpusu Polskiego pod dow\u00f3dztwem p\u0142k. L.\u0141empickiego do lipca 1918 r. kiedy go rozwi\u0105zano. Powt\u00f3rnie sformowano Pu\u0142k 23 pa\u017adziernika 1918 r. w Warszawie pod dow\u00f3dztwem p\u0142k. S.Strzemie\u0144skiego. W latach 1919- 1920 bra\u0142 udzia\u0142 w wojnie z bolszewikami pod dow\u00f3dztwem mjr. C Bystrama. &hellip; <a href=\"https:\/\/sp8tg.pl\/web\/nasze-gimnazjum\/o-patronach\/\" class=\"more-link\">Czytaj dalej<span class=\"screen-reader-text\"> \u201eO Patronach\u201d<\/span><\/a><\/p>\n","protected":false},"author":1,"featured_media":0,"parent":3620,"menu_order":0,"comment_status":"closed","ping_status":"closed","template":"","meta":{"ngg_post_thumbnail":0,"footnotes":""},"_links":{"self":[{"href":"https:\/\/sp8tg.pl\/web\/wp-json\/wp\/v2\/pages\/25"}],"collection":[{"href":"https:\/\/sp8tg.pl\/web\/wp-json\/wp\/v2\/pages"}],"about":[{"href":"https:\/\/sp8tg.pl\/web\/wp-json\/wp\/v2\/types\/page"}],"author":[{"embeddable":true,"href":"https:\/\/sp8tg.pl\/web\/wp-json\/wp\/v2\/users\/1"}],"replies":[{"embeddable":true,"href":"https:\/\/sp8tg.pl\/web\/wp-json\/wp\/v2\/comments?post=25"}],"version-history":[{"count":6,"href":"https:\/\/sp8tg.pl\/web\/wp-json\/wp\/v2\/pages\/25\/revisions"}],"predecessor-version":[{"id":14475,"href":"https:\/\/sp8tg.pl\/web\/wp-json\/wp\/v2\/pages\/25\/revisions\/14475"}],"up":[{"embeddable":true,"href":"https:\/\/sp8tg.pl\/web\/wp-json\/wp\/v2\/pages\/3620"}],"wp:attachment":[{"href":"https:\/\/sp8tg.pl\/web\/wp-json\/wp\/v2\/media?parent=25"}],"curies":[{"name":"wp","href":"https:\/\/api.w.org\/{rel}","templated":true}]}}