{"id":14112,"date":"2021-03-03T13:18:59","date_gmt":"2021-03-03T12:18:59","guid":{"rendered":"https:\/\/sp8tg.pl\/web\/?page_id=14112"},"modified":"2023-11-13T07:28:59","modified_gmt":"2023-11-13T06:28:59","slug":"projekty-unijne","status":"publish","type":"page","link":"https:\/\/sp8tg.pl\/web\/projekty-unijne\/","title":{"rendered":"Projekty unijne"},"content":{"rendered":"\n<figure class=\"wp-block-image size-large\"><img loading=\"lazy\" decoding=\"async\" width=\"1024\" height=\"100\" src=\"https:\/\/sp8tg.pl\/web\/wp-content\/uploads\/2021\/03\/EFS_kolor_poziom_rgb-1024x100.png\" alt=\"\" class=\"wp-image-14113\" srcset=\"https:\/\/sp8tg.pl\/web\/wp-content\/uploads\/2021\/03\/EFS_kolor_poziom_rgb-1024x100.png 1024w, https:\/\/sp8tg.pl\/web\/wp-content\/uploads\/2021\/03\/EFS_kolor_poziom_rgb-300x29.png 300w, https:\/\/sp8tg.pl\/web\/wp-content\/uploads\/2021\/03\/EFS_kolor_poziom_rgb-768x75.png 768w, https:\/\/sp8tg.pl\/web\/wp-content\/uploads\/2021\/03\/EFS_kolor_poziom_rgb-1200x117.png 1200w, https:\/\/sp8tg.pl\/web\/wp-content\/uploads\/2021\/03\/EFS_kolor_poziom_rgb.png 1298w\" sizes=\"(max-width: 709px) 85vw, (max-width: 909px) 67vw, (max-width: 1362px) 62vw, 840px\" \/><\/figure>\n\n\n\n<p>Projekt<strong> \u201eNauczanie eksperymentalne szans\u0105 na rozw\u00f3j kompetencji uczni\u00f3w szk\u00f3\u0142 podstawowych Gminy Tarnowskie G\u00f3ry\u201d <\/strong>wsp\u00f3\u0142finansowany ze \u015brodk\u00f3w Europejskiego Funduszu Spo\u0142ecznego w ramach Regionalnego Programu Operacyjnego dla Wojew\u00f3dztwa \u015al\u0105skiego na lata 2014-2020 (O\u015b priorytetowa: XI. Wzmocnienie potencja\u0142u edukacyjnego Dzia\u0142anie: 11.1. Ograniczenie przedwczesnego ko\u0144czenia nauki szkolnej oraz zapewnienie r\u00f3wnego dost\u0119pu do dobrej jako\u015bci edukacji elementarnej, kszta\u0142cenia podstawowego i \u015bredniego poddzia\u0142ania 11.1.4 Poprawa efektywno\u015bci kszta\u0142cenia og\u00f3lnego \u2013 konkurs).<\/p>\n\n\n\n<p><strong>CEL:<\/strong> Poprawa jako\u015bci procesu kszta\u0142cenia w 12 Szko\u0142ach Podstawowych, dla kt\u00f3rych organem prowadz\u0105cym jest Gmina Tarnowskie G\u00f3ry, umo\u017cliwiaj\u0105ca zwi\u0119kszenie szans edukacyjnych 1867uczni\u00f3w(897K) poprzez:<\/p>\n\n\n\n<p>&#8211; organizacj\u0119 zaj\u0119\u0107 przyczyniaj\u0105cych si\u0119 do wzrostu ich kompetencji kluczowych na rynku pracy oraz w\u0142a\u015bciwych postaw i umiej\u0119tno\u015bci, w tym wsparcie ucznia ze specjalnymi potrzebami,<\/p>\n\n\n\n<p>&#8211; organizacj\u0119 zaj\u0119\u0107 prowadzonych metod\u0105 eksperymentu przyczyniaj\u0105cych si\u0119 do wzrostu ich kompetencji matematyczno-przyrodniczych,<\/p>\n\n\n\n<p>&#8211; wzrost kompetencji 288 n-li (260K) w zakresie zgodnym z zaplanowanym wsparciem na rzecz uczni\u00f3w &#8211; wzbogacenie zaplecza dydaktycznego szko\u0142y, wyposa\u017cenie szkolnych pracowni i wdro\u017cenie nowych metod kszta\u0142cenia z wykorzystaniem narz\u0119dzi cyfrowych.<\/p>\n\n\n\n<p><strong>ZADANIA:<\/strong><\/p>\n\n\n\n<p><strong>Cel zostanie osi\u0105gni\u0119ty poprzez organizacj\u0119:<\/strong><\/p>\n\n\n\n<p>-zaj\u0119\u0107 wyr\u00f3wnawczych, rozszerzaj\u0105cych podstaw\u0119 programow\u0105, k\u00f3\u0142 zainteresowa\u0144 oraz pozaszkolnych, specjalistycznych, doradztwa edukacyjnego<\/p>\n\n\n\n<p>-zaj\u0119\u0107 prowadzonych metod\u0105 eksperymentu<\/p>\n\n\n\n<p>-podniesienie kompetencji zawodowych nauczycieli<\/p>\n\n\n\n<p>-wyposa\u017cenie i doposa\u017cenie bazy dydaktycznej w sprz\u0119t i materia\u0142y niezb\u0119dne do prowadzenia zaj\u0119\u0107 przyczyniaj\u0105cych si\u0119 do rozwoju kompetencji kluczowych<\/p>\n\n\n\n<p><strong>EFEKTY:<\/strong> Nabycie przez uczni\u00f3w i nauczycieli po\u017c\u0105danych kompetencji i kwalifikacji oraz podniesienie jako\u015bci kszta\u0142cenia w 12 Szko\u0142ach Podstawowych Gminy Tarnowskie G\u00f3ry<\/p>\n\n\n\n<p><strong>OKRES REALIZACJI: <\/strong>01.05.2019 r. &#8211; 31.12.2020 r.<\/p>\n\n\n\n<p><strong>Warto\u015b\u0107 ca\u0142kowita <\/strong>2&nbsp;653&nbsp;012,31 PLN<\/p>\n\n\n\n<p><strong>Dofinansowanie <\/strong>2&nbsp;387&nbsp;711,08 PLN<\/p>\n\n\n\n<p><strong>w tym ze \u015brodk\u00f3w UE <\/strong>2 255 060,46 PLN<\/p>\n\n\n\n<hr class=\"wp-block-separator\"\/>\n\n\n\n<p><strong>Nasza szko\u0142a trzykrotnie skorzysta\u0142a z Narodowego Programu Rozwoju Czytelnictwa, tym samym wspieraj\u0105c szkoln\u0105 bibliotek\u0119 nie tylko w nowo\u015bci wydawnicze, ale r\u00f3wnie\u017c w nowoczesne wyposa\u017cenie w sprz\u0119t.<\/strong><\/p>\n\n\n\n<p><\/p>\n\n\n\n<p><strong>Narodowy Program Rozwoju Czytelnictwa 2.0. na lata 2021-2025 \u2013 nab\u00f3r na rok 2023<\/strong><\/p>\n\n\n\n<p>Do 31 pa\u017adziernika dyrektorzy szk\u00f3\u0142, przedszkoli i bibliotek pedagogicznych mog\u0105 sk\u0142ada\u0107 wnioski do organ\u00f3w prowadz\u0105cych o dofinansowanie w ramach NPRCz 2.0. Nast\u0119pnie organy prowadz\u0105ce do 20 listopada b\u0119d\u0105 sk\u0142ada\u0107 wnioski do wojewod\u00f3w. Na zakup nowo\u015bci wydawniczych, wyposa\u017cenia bibliotek i realizacj\u0119 dzia\u0142a\u0144 promuj\u0105cych czytelnictwo Ministerstwo Edukacji i Nauki przeznaczy w 2023 r. prawie 30 mln z\u0142.<\/p>\n\n\n\n<p>\u201eNarodowy Program Rozwoju Czytelnictwa 2.0. na lata 2021-2025\u201d to kontynuacja programu rz\u0105dowego (z lat 2016-2020), kt\u00f3rego celem jest tworzenie warunk\u00f3w dla rozwoju czytelnictwa poprzez zapewnienie \u015brodk\u00f3w na realizacj\u0119 okre\u015blonych przedsi\u0119wzi\u0119\u0107 i inicjatyw. W ramach Priorytetu 3 Programu wsparcie mog\u0105 otrzyma\u0107:<\/p>\n\n\n\n<ol type=\"1\"><li>w Kierunku interwencji 3.2. \u2013 szko\u0142y i biblioteki pedagogiczne \u2013 na zakup ksi\u0105\u017cek oraz element\u00f3w wyposa\u017cenia do bibliotek dzieci oraz dzia\u0142ania promuj\u0105ce czytelnictwo.<\/li><\/ol>\n\n\n\n<p><strong>Kto mo\u017ce skorzysta\u0107 z programu w 2023 r.:<\/strong><\/p>\n\n\n\n<ol type=\"1\"><li>publiczne i niepubliczne przedszkola oraz oddzia\u0142y przedszkolne w publicznych i niepublicznych szko\u0142ach podstawowych,<\/li><li>publiczne i niepubliczne:<ol start=\"1\" type=\"a\"><li>szko\u0142y podstawowe,<\/li><li>szko\u0142y ponadpodstawowe, z wy\u0142\u0105czeniem bran\u017cowych szk\u00f3\u0142 II stopnia, szk\u00f3\u0142 dla doros\u0142ych i szk\u00f3\u0142 policealnych prowadz\u0105cych kszta\u0142cenie w formie stacjonarnej lub zaocznej,<\/li><li>szko\u0142y artystyczne realizuj\u0105ce kszta\u0142cenie og\u00f3lne w zakresie szko\u0142y podstawowej lub liceum og\u00f3lnokszta\u0142c\u0105cego,<\/li><\/ol><\/li><li>szko\u0142y polskie oraz szko\u0142y i zespo\u0142y szk\u00f3\u0142 w Polsce oraz przy przedstawicielstwach dyplomatycznych, urz\u0119dach konsularnych i przedstawicielstwach wojskowych Rzeczypospolitej Polskiej dzia\u0142aj\u0105ce w ramach O\u015brodka Rozwoju Polskiej Edukacji za Granic\u0105<\/li><li>publiczne i niepubliczne biblioteki pedagogiczne.<\/li><\/ol>\n\n\n\n<p><strong>Wsparcie finansowe mo\u017ce by\u0107 udzielone:<\/strong><\/p>\n\n\n\n<ol type=\"1\"><li>w odniesieniu do plac\u00f3wek wychowania przedszkolnego na:<ol start=\"1\" type=\"a\"><li>zakup ksi\u0105\u017cek b\u0119d\u0105cych nowo\u015bciami wydawniczymi dla dzieci w wieku 3-6 lat,<\/li><li>realizacj\u0119 dzia\u0142a\u0144 promuj\u0105cych czytelnictwo.<\/li><\/ol><\/li><li>w odniesieniu do szk\u00f3\u0142 na:<ol start=\"1\" type=\"a\"><li>zakup ksi\u0105\u017cek b\u0119d\u0105cych nowo\u015bciami wydawniczymi i nieb\u0119d\u0105cych podr\u0119cznikami,<\/li><li>zakup nowych element\u00f3w wyposa\u017cenia do bibliotek szkolnych:<ul><li>zakup sprz\u0119tu komputerowego do wykorzystania przez nauczyciela bibliotekarza,<\/li><li>zakup oprogramowania dla bibliotek,<\/li><li>zakup czytnik\u00f3w e-book\u00f3w,<\/li><li>zakup element\u00f3w wyposa\u017cenia wn\u0119trza biblioteki, w szczeg\u00f3lno\u015bci rega\u0142\u00f3w, p\u00f3\u0142ek, biurek, szaf, foteli i element\u00f3w o\u015bwietlenia,<\/li><li>realizacj\u0119 dzia\u0142a\u0144 promuj\u0105cych czytelnictwo.<\/li><\/ul><\/li><\/ol><\/li><\/ol>\n\n\n\n<hr class=\"wp-block-separator\"\/>\n\n\n\n<p>Korzystali\u015bmy r\u00f3wnie\u017c z Subwencji O\u015bwiatowej, dzi\u0119ki kt\u00f3rym powsta\u0142y nowoczesne sale lekcyjne.<\/p>\n","protected":false},"excerpt":{"rendered":"<p>Projekt \u201eNauczanie eksperymentalne szans\u0105 na rozw\u00f3j kompetencji uczni\u00f3w szk\u00f3\u0142 podstawowych Gminy Tarnowskie G\u00f3ry\u201d wsp\u00f3\u0142finansowany ze \u015brodk\u00f3w Europejskiego Funduszu Spo\u0142ecznego w ramach Regionalnego Programu Operacyjnego dla Wojew\u00f3dztwa \u015al\u0105skiego na lata 2014-2020 (O\u015b priorytetowa: XI. Wzmocnienie potencja\u0142u edukacyjnego Dzia\u0142anie: 11.1. Ograniczenie przedwczesnego ko\u0144czenia nauki szkolnej oraz zapewnienie r\u00f3wnego dost\u0119pu do dobrej jako\u015bci edukacji elementarnej, kszta\u0142cenia podstawowego i &hellip; <a href=\"https:\/\/sp8tg.pl\/web\/projekty-unijne\/\" class=\"more-link\">Czytaj dalej<span class=\"screen-reader-text\"> \u201eProjekty unijne\u201d<\/span><\/a><\/p>\n","protected":false},"author":1,"featured_media":0,"parent":0,"menu_order":0,"comment_status":"closed","ping_status":"closed","template":"","meta":{"ngg_post_thumbnail":0,"footnotes":""},"_links":{"self":[{"href":"https:\/\/sp8tg.pl\/web\/wp-json\/wp\/v2\/pages\/14112"}],"collection":[{"href":"https:\/\/sp8tg.pl\/web\/wp-json\/wp\/v2\/pages"}],"about":[{"href":"https:\/\/sp8tg.pl\/web\/wp-json\/wp\/v2\/types\/page"}],"author":[{"embeddable":true,"href":"https:\/\/sp8tg.pl\/web\/wp-json\/wp\/v2\/users\/1"}],"replies":[{"embeddable":true,"href":"https:\/\/sp8tg.pl\/web\/wp-json\/wp\/v2\/comments?post=14112"}],"version-history":[{"count":3,"href":"https:\/\/sp8tg.pl\/web\/wp-json\/wp\/v2\/pages\/14112\/revisions"}],"predecessor-version":[{"id":17073,"href":"https:\/\/sp8tg.pl\/web\/wp-json\/wp\/v2\/pages\/14112\/revisions\/17073"}],"wp:attachment":[{"href":"https:\/\/sp8tg.pl\/web\/wp-json\/wp\/v2\/media?parent=14112"}],"curies":[{"name":"wp","href":"https:\/\/api.w.org\/{rel}","templated":true}]}}